{"id":4390,"date":"2019-10-22T13:06:53","date_gmt":"2019-10-22T13:06:53","guid":{"rendered":"https:\/\/cannespaysdelerins.fr\/?page_id=4390"},"modified":"2020-04-01T16:43:07","modified_gmt":"2020-04-01T16:43:07","slug":"mise-en-reseau-des-pepinieres-dentreprises","status":"publish","type":"page","link":"https:\/\/cannespaysdelerins.fr\/index.php\/mise-en-reseau-des-pepinieres-dentreprises\/","title":{"rendered":"Mise en r\u00e9seau des p\u00e9pini\u00e8res d&#8217;entreprises"},"content":{"rendered":"<p>[et_pb_section fb_built=&#8221;1&#8243; custom_padding_last_edited=&#8221;off|phone&#8221; disabled_on=&#8221;off|off|off&#8221; admin_label=&#8221;Header image&#8221; _builder_version=&#8221;4.0.2&#8243; background_image=&#8221;https:\/\/cannespaysdelerins.fr\/wp-content\/uploads\/2019\/10\/vis-pepinieres.jpg&#8221; parallax=&#8221;on&#8221; z_index=&#8221;0&#8243; min_height=&#8221;700px&#8221; min_height_tablet=&#8221;&#8221; min_height_phone=&#8221;500px&#8221; min_height_last_edited=&#8221;on|desktop&#8221; custom_margin=&#8221;||||false|false&#8221; custom_margin_last_edited=&#8221;off|desktop&#8221; custom_padding=&#8221;||||false|false&#8221; custom_padding_phone=&#8221;||||true|false&#8221; animation_style=&#8221;fade&#8221; collapsed=&#8221;on&#8221;][et_pb_row disabled_on=&#8221;off|off|off&#8221; admin_label=&#8221;Accroche DESKTOP&#8221; _builder_version=&#8221;3.29.3&#8243; background_color=&#8221;rgba(0,0,0,0)&#8221; custom_margin=&#8221;||||false|false&#8221;][et_pb_column type=&#8221;4_4&#8243; _builder_version=&#8221;3.29.3&#8243;][et_pb_text _builder_version=&#8221;4.0.2&#8243; header_font=&#8221;Open Light||||||||&#8221; header_text_align=&#8221;center&#8221; header_text_color=&#8221;#ffffff&#8221; header_font_size=&#8221;40px&#8221; header_letter_spacing=&#8221;1.5px&#8221; header_line_height=&#8221;1.6em&#8221; background_color=&#8221;rgba(22,56,81,0.64)&#8221; max_width=&#8221;550px&#8221; max_width_tablet=&#8221;&#8221; max_width_phone=&#8221;250px&#8221; max_width_last_edited=&#8221;on|phone&#8221; module_alignment=&#8221;center&#8221; custom_margin=&#8221;50px||||false|false&#8221; custom_margin_tablet=&#8221;&#8221; custom_margin_phone=&#8221;0px||||false|false&#8221; custom_margin_last_edited=&#8221;on|phone&#8221; custom_padding=&#8221;30px|30px|30px|30px|true|true&#8221; animation_style=&#8221;fade&#8221; animation_duration=&#8221;2000ms&#8221; header_font_size_tablet=&#8221;&#8221; header_font_size_phone=&#8221;25px&#8221; header_font_size_last_edited=&#8221;on|phone&#8221; header_line_height_tablet=&#8221;&#8221; header_line_height_phone=&#8221;1.6em&#8221; header_line_height_last_edited=&#8221;on|phone&#8221; border_radii=&#8221;on|6px|6px|6px|6px&#8221;]<\/p>\n<h1 style=\"text-align: center;\">Mise en r\u00e9seau des p\u00e9pini\u00e8res d&#8217;entreprises<\/h1>\n<p>[\/et_pb_text][\/et_pb_column][\/et_pb_row][\/et_pb_section][et_pb_section fb_built=&#8221;1&#8243; _builder_version=&#8221;4.0.2&#8243; background_image=&#8221;https:\/\/cannespaysdelerins.fr\/wp-content\/uploads\/2019\/10\/frise-communes1200.png&#8221; background_size=&#8221;initial&#8221; background_position=&#8221;top_center&#8221; custom_margin=&#8221;||||false|false&#8221; custom_padding=&#8221;||||false|false&#8221;][et_pb_row use_custom_gutter=&#8221;on&#8221; _builder_version=&#8221;3.29.3&#8243; max_width=&#8221;900px&#8221; animation_style=&#8221;fade&#8221;][et_pb_column type=&#8221;4_4&#8243; _builder_version=&#8221;3.29.3&#8243;][et_pb_text _builder_version=&#8221;4.0.2&#8243; header_font=&#8221;Open regular||||||||&#8221; header_text_align=&#8221;left&#8221; header_text_color=&#8221;#666666&#8243; header_font_size=&#8221;25px&#8221; header_line_height=&#8221;1.4em&#8221; background_enable_color=&#8221;off&#8221; custom_margin=&#8221;||||false|false&#8221; custom_padding=&#8221;||||false|false&#8221;]<\/p>\n<h1 style=\"text-align: left;\">Mise en r\u00e9seau des p\u00e9pini\u00e8res d&#8217;entreprises<\/h1>\n<p>[\/et_pb_text][et_pb_text _builder_version=&#8221;4.0.2&#8243; custom_margin=&#8221;||50px||false|false&#8221;]<\/p>\n<p>Lanc\u00e9e officiellement le 19 octobre 2018 par les \u00e9lus du P\u00f4le M\u00e9tropolitain CAP AZUR, la mise en r\u00e9seau des 4 p\u00e9pini\u00e8res d&#8217;entreprises du territoire (Business P\u00f4le, InnovaGrasse, Cr\u00e9ACannes L\u00e9rins et Starteo) est d\u00e9sormais effective, entra\u00eenant une synergie des sp\u00e9cificit\u00e9s de chaque territoire.<\/p>\n<p><strong>Son principe :<\/strong> chaque entreprise inscrite dans l&#8217;une de ces p\u00e9pini\u00e8res peut b\u00e9n\u00e9ficier des \u00e9quipements mutualis\u00e9s et \u00e9v\u00e8nements\/ateliers des autre sites, avec leurs sp\u00e9cialisations respectives. A cette occasion, un PASS ENTREPRENEURS est distribu\u00e9 automatiquement \u00e0 chacune d\u2019elle.<\/p>\n<p>[\/et_pb_text][et_pb_video src=&#8221;https:\/\/cannespaysdelerins.fr\/videos\/pepinieres-cap-azur.mp4&#8243; src_webm=&#8221;https:\/\/cannespaysdelerins.fr\/videos\/pepinieres-cap-azur.mp4&#8243; image_src=&#8221;https:\/\/cannespaysdelerins.fr\/wp-content\/uploads\/2019\/10\/couv-video-pepinieres.jpg&#8221; thumbnail_overlay_color=&#8221;rgba(0,0,0,0.6)&#8221; _builder_version=&#8221;4.0.2&#8243; border_radii=&#8221;on|10px|10px|10px|10px&#8221;][\/et_pb_video][\/et_pb_column][\/et_pb_row][et_pb_row column_structure=&#8221;1_2,1_2&#8243; _builder_version=&#8221;4.0.2&#8243; max_width=&#8221;900px&#8221;][et_pb_column type=&#8221;1_2&#8243; _builder_version=&#8221;4.0.2&#8243;][et_pb_text _builder_version=&#8221;4.4.2&#8243; hover_enabled=&#8221;0&#8243;]<\/p>\n<p><a href=\"https:\/\/cannespaysdelerins.fr\/wp-content\/uploads\/2019\/10\/ima-pepinieres-graph.png\"><img loading=\"lazy\" decoding=\"async\" class=\"alignnone wp-image-4418 size-full\" src=\"https:\/\/cannespaysdelerins.fr\/wp-content\/uploads\/2019\/10\/ima-pepinieres-graph.png\" alt=\"\" width=\"1000\" height=\"1050\" srcset=\"https:\/\/cannespaysdelerins.fr\/wp-content\/uploads\/2019\/10\/ima-pepinieres-graph.png 1000w, https:\/\/cannespaysdelerins.fr\/wp-content\/uploads\/2019\/10\/ima-pepinieres-graph-980x1029.png 980w, https:\/\/cannespaysdelerins.fr\/wp-content\/uploads\/2019\/10\/ima-pepinieres-graph-480x504.png 480w\" sizes=\"auto, (min-width: 0px) and (max-width: 480px) 480px, (min-width: 481px) and (max-width: 980px) 980px, (min-width: 981px) 1000px, 100vw\" \/><\/a><\/p>\n<p>[\/et_pb_text][et_pb_button button_url=&#8221;https:\/\/cannespaysdelerins.fr\/docs\/pepinieres-entreprises-cap-azur.pdf&#8221; url_new_window=&#8221;on&#8221; button_text=&#8221;T\u00e9l\u00e9charger la brochure des p\u00e9pini\u00e8res d\u2019entreprises CAP AZUR&#8221; button_alignment=&#8221;center&#8221; _builder_version=&#8221;4.0.2&#8243; custom_button=&#8221;on&#8221; button_text_size=&#8221;14px&#8221; button_text_color=&#8221;#ffffff&#8221; button_bg_color=&#8221;#2f7eaf&#8221; button_border_width=&#8221;0px&#8221; custom_margin=&#8221;100px||||false|false&#8221; custom_padding=&#8221;||||false|false&#8221; animation_style=&#8221;zoom&#8221;][\/et_pb_button][\/et_pb_column][et_pb_column type=&#8221;1_2&#8243; _builder_version=&#8221;4.0.2&#8243;][et_pb_text _builder_version=&#8221;4.4.2&#8243; hover_enabled=&#8221;0&#8243;]<\/p>\n<p><a href=\"https:\/\/cannespaysdelerins.fr\/wp-content\/uploads\/2019\/10\/ima-pepinieres02.jpg\"><img loading=\"lazy\" decoding=\"async\" class=\"alignnone wp-image-4407 size-full\" src=\"https:\/\/cannespaysdelerins.fr\/wp-content\/uploads\/2019\/10\/ima-pepinieres02.jpg\" alt=\"\" width=\"1000\" height=\"1347\" srcset=\"https:\/\/cannespaysdelerins.fr\/wp-content\/uploads\/2019\/10\/ima-pepinieres02.jpg 1000w, https:\/\/cannespaysdelerins.fr\/wp-content\/uploads\/2019\/10\/ima-pepinieres02-980x1320.jpg 980w, https:\/\/cannespaysdelerins.fr\/wp-content\/uploads\/2019\/10\/ima-pepinieres02-480x647.jpg 480w\" sizes=\"auto, (min-width: 0px) and (max-width: 480px) 480px, (min-width: 481px) and (max-width: 980px) 980px, (min-width: 981px) 1000px, 100vw\" \/><\/a><\/p>\n<p>[\/et_pb_text][\/et_pb_column][\/et_pb_row][\/et_pb_section]<\/p>\n","protected":false},"excerpt":{"rendered":"<p>Lanc\u00e9e officiellement le 19 octobre 2018 par les \u00e9lus du P\u00f4le M\u00e9tropolitain CAP AZUR, la mise en r\u00e9seau des 4 p\u00e9pini\u00e8res d\u2019entreprises du territoire (Business P\u00f4le, InnovaGrasse, Cr\u00e9ACannes L\u00e9rins et Starteo) est d\u00e9sormais effective, entra\u00eenant une synergie des sp\u00e9cificit\u00e9s de chaque territoire.<\/p>\n","protected":false},"author":8,"featured_media":0,"parent":0,"menu_order":0,"comment_status":"closed","ping_status":"closed","template":"","meta":{"_et_pb_use_builder":"on","_et_pb_old_content":"","_et_gb_content_width":"","footnotes":""},"class_list":["post-4390","page","type-page","status-publish","hentry"],"_links":{"self":[{"href":"https:\/\/cannespaysdelerins.fr\/index.php\/wp-json\/wp\/v2\/pages\/4390","targetHints":{"allow":["GET"]}}],"collection":[{"href":"https:\/\/cannespaysdelerins.fr\/index.php\/wp-json\/wp\/v2\/pages"}],"about":[{"href":"https:\/\/cannespaysdelerins.fr\/index.php\/wp-json\/wp\/v2\/types\/page"}],"author":[{"embeddable":true,"href":"https:\/\/cannespaysdelerins.fr\/index.php\/wp-json\/wp\/v2\/users\/8"}],"replies":[{"embeddable":true,"href":"https:\/\/cannespaysdelerins.fr\/index.php\/wp-json\/wp\/v2\/comments?post=4390"}],"version-history":[{"count":27,"href":"https:\/\/cannespaysdelerins.fr\/index.php\/wp-json\/wp\/v2\/pages\/4390\/revisions"}],"predecessor-version":[{"id":7312,"href":"https:\/\/cannespaysdelerins.fr\/index.php\/wp-json\/wp\/v2\/pages\/4390\/revisions\/7312"}],"wp:attachment":[{"href":"https:\/\/cannespaysdelerins.fr\/index.php\/wp-json\/wp\/v2\/media?parent=4390"}],"curies":[{"name":"wp","href":"https:\/\/api.w.org\/{rel}","templated":true}]}}