{"id":4068,"date":"2019-10-17T13:08:11","date_gmt":"2019-10-17T13:08:11","guid":{"rendered":"https:\/\/cannespaysdelerins.fr\/?page_id=4068"},"modified":"2022-03-30T09:18:14","modified_gmt":"2022-03-30T09:18:14","slug":"bocca-centre","status":"publish","type":"page","link":"https:\/\/cannespaysdelerins.fr\/index.php\/bocca-centre\/","title":{"rendered":"Bocca Centre"},"content":{"rendered":"<p>[et_pb_section fb_built=&#8221;1&#8243; custom_padding_last_edited=&#8221;off|phone&#8221; disabled_on=&#8221;on|off|off&#8221; admin_label=&#8221;Header image&#8221; _builder_version=&#8221;4.0.2&#8243; background_image=&#8221;https:\/\/cannespaysdelerins.fr\/wp-content\/uploads\/2019\/10\/vis-bocca-centre.jpg&#8221; parallax=&#8221;on&#8221; z_index=&#8221;0&#8243; min_height=&#8221;700px&#8221; min_height_tablet=&#8221;&#8221; min_height_phone=&#8221;500px&#8221; min_height_last_edited=&#8221;on|desktop&#8221; custom_margin=&#8221;||||false|false&#8221; custom_margin_last_edited=&#8221;off|desktop&#8221; custom_padding=&#8221;||||false|false&#8221; custom_padding_phone=&#8221;||||true|false&#8221; animation_style=&#8221;fade&#8221; collapsed=&#8221;on&#8221;][et_pb_row disabled_on=&#8221;off|off|off&#8221; admin_label=&#8221;Accroche DESKTOP&#8221; _builder_version=&#8221;3.29.3&#8243; background_color=&#8221;rgba(0,0,0,0)&#8221; custom_margin=&#8221;||||false|false&#8221;][et_pb_column type=&#8221;4_4&#8243; _builder_version=&#8221;3.29.3&#8243;][et_pb_text _builder_version=&#8221;4.0.2&#8243; header_font=&#8221;Open Light||||||||&#8221; header_text_align=&#8221;center&#8221; header_text_color=&#8221;#ffffff&#8221; header_font_size=&#8221;40px&#8221; header_letter_spacing=&#8221;1.6px&#8221; header_line_height=&#8221;1.6em&#8221; background_color=&#8221;rgba(22,56,81,0.64)&#8221; max_width=&#8221;450px&#8221; max_width_tablet=&#8221;&#8221; max_width_phone=&#8221;250px&#8221; max_width_last_edited=&#8221;on|phone&#8221; module_alignment=&#8221;center&#8221; custom_margin=&#8221;50px||||false|false&#8221; custom_margin_tablet=&#8221;&#8221; custom_margin_phone=&#8221;0px||||false|false&#8221; custom_margin_last_edited=&#8221;on|desktop&#8221; custom_padding=&#8221;30px|20px|30px|20px|true|true&#8221; animation_style=&#8221;fade&#8221; animation_duration=&#8221;2000ms&#8221; header_font_size_tablet=&#8221;&#8221; header_font_size_phone=&#8221;25px&#8221; header_font_size_last_edited=&#8221;on|desktop&#8221; header_line_height_tablet=&#8221;&#8221; header_line_height_phone=&#8221;1em&#8221; header_line_height_last_edited=&#8221;on|phone&#8221; border_radii=&#8221;on|6px|6px|6px|6px&#8221;]<\/p>\n<h1 style=\"text-align: center;\">Bocca Centre<\/h1>\n<p>[\/et_pb_text][\/et_pb_column][\/et_pb_row][\/et_pb_section][et_pb_section fb_built=&#8221;1&#8243; custom_padding_last_edited=&#8221;off|phone&#8221; disabled_on=&#8221;off|on|on&#8221; admin_label=&#8221;Header image smartphone&#8221; _builder_version=&#8221;4.0.2&#8243; background_image=&#8221;https:\/\/cannespaysdelerins.fr\/wp-content\/uploads\/2019\/11\/vis-bocca-centre-smart.jpg&#8221; parallax=&#8221;on&#8221; z_index=&#8221;0&#8243; min_height=&#8221;700px&#8221; min_height_tablet=&#8221;&#8221; min_height_phone=&#8221;500px&#8221; min_height_last_edited=&#8221;on|desktop&#8221; custom_margin=&#8221;||||false|false&#8221; custom_margin_last_edited=&#8221;off|desktop&#8221; custom_padding=&#8221;||||false|false&#8221; custom_padding_phone=&#8221;||||true|false&#8221; animation_style=&#8221;fade&#8221; collapsed=&#8221;on&#8221;][et_pb_row disabled_on=&#8221;off|off|off&#8221; admin_label=&#8221;Accroche DESKTOP&#8221; _builder_version=&#8221;3.29.3&#8243; background_color=&#8221;rgba(0,0,0,0)&#8221; custom_margin=&#8221;||||false|false&#8221;][et_pb_column type=&#8221;4_4&#8243; _builder_version=&#8221;3.29.3&#8243;][et_pb_text _builder_version=&#8221;4.0.2&#8243; header_font=&#8221;Open Light||||||||&#8221; header_text_align=&#8221;center&#8221; header_text_color=&#8221;#ffffff&#8221; header_font_size=&#8221;40px&#8221; header_letter_spacing=&#8221;1.5px&#8221; header_line_height=&#8221;1.6em&#8221; background_color=&#8221;rgba(22,56,81,0.64)&#8221; max_width=&#8221;450px&#8221; max_width_tablet=&#8221;&#8221; max_width_phone=&#8221;250px&#8221; max_width_last_edited=&#8221;on|phone&#8221; module_alignment=&#8221;center&#8221; custom_margin=&#8221;50px||||false|false&#8221; custom_margin_tablet=&#8221;&#8221; custom_margin_phone=&#8221;50px||||false|false&#8221; custom_margin_last_edited=&#8221;on|phone&#8221; custom_padding=&#8221;30px|20px|30px|20px|true|true&#8221; animation_style=&#8221;fade&#8221; animation_duration=&#8221;2000ms&#8221; header_font_size_tablet=&#8221;&#8221; header_font_size_phone=&#8221;25px&#8221; header_font_size_last_edited=&#8221;on|phone&#8221; header_line_height_tablet=&#8221;&#8221; header_line_height_phone=&#8221;1em&#8221; header_line_height_last_edited=&#8221;on|phone&#8221; border_radii=&#8221;on|6px|6px|6px|6px&#8221;]<\/p>\n<h1 style=\"text-align: center;\">Bocca Centre<\/h1>\n<p>[\/et_pb_text][\/et_pb_column][\/et_pb_row][\/et_pb_section][et_pb_section fb_built=&#8221;1&#8243; _builder_version=&#8221;3.29.3&#8243; background_image=&#8221;https:\/\/cannespaysdelerins.fr\/wp-content\/uploads\/2019\/10\/frise-communes1200.png&#8221; background_size=&#8221;initial&#8221; custom_margin=&#8221;||||false|false&#8221; custom_padding=&#8221;||||false|false&#8221; collapsed=&#8221;off&#8221;][et_pb_row use_custom_gutter=&#8221;on&#8221; admin_label=&#8221;paragraphe&#8221; _builder_version=&#8221;3.29.3&#8243; max_width=&#8221;900px&#8221; animation_style=&#8221;fade&#8221;][et_pb_column type=&#8221;4_4&#8243; _builder_version=&#8221;3.29.3&#8243;][et_pb_text admin_label=&#8221;logo&#8221; _builder_version=&#8221;4.5.1&#8243;]<\/p>\n<p><img loading=\"lazy\" decoding=\"async\" class=\"aligncenter wp-image-4095\" src=\"https:\/\/cannespaysdelerins.fr\/wp-content\/uploads\/2019\/10\/ima-CANNES-LA-BOCCA-AVANCE.png\" alt=\"\" width=\"350\" height=\"75\" \/><\/p>\n<p>[\/et_pb_text][\/et_pb_column][\/et_pb_row][et_pb_row use_custom_gutter=&#8221;on&#8221; admin_label=&#8221;paragraphe&#8221; _builder_version=&#8221;3.29.3&#8243; max_width=&#8221;900px&#8221; animation_style=&#8221;fade&#8221;][et_pb_column type=&#8221;4_4&#8243; _builder_version=&#8221;3.29.3&#8243;][et_pb_text _builder_version=&#8221;4.5.1&#8243;]<\/p>\n<p>Du d\u00e9but de l\u2019avenue Francis Tonner jusqu\u2019au Moulin de la Gaiet\u00e9, pas moins de 76 000 m\u00b2 doivent \u00eatre r\u00e9am\u00e9nag\u00e9s, modernis\u00e9s et embellis pour prot\u00e9ger et valoriser l\u2019identit\u00e9 forte du c\u0153ur de La Bocca.<\/p>\n<p>Mat\u00e9riaux nobles, espaces arbor\u00e9s, place Roubaud totalement repens\u00e9e, halle du march\u00e9 reconstruite, cheminement vers la mer via l\u2019avenue Pierre S\u00e9mard et son passage d\u00e9j\u00e0 totalement r\u00e9nov\u00e9, stationnement optimis\u00e9, s\u00e9curisation des vallons dans le cadre de la pr\u00e9vention du risque Inondation&#8230; Bocca centre fait v\u00e9ritablement peau neuve !<\/p>\n<p>Le projet se d\u00e9compose en 2 phases\u00a0: une premi\u00e8re sur l\u2019avenue Francis Tonner, ses rues adjacentes et la place Roubaud Sud\u00a0livr\u00e9e fin 2019\u00a0; une seconde sur la place Roubaud Nord (donnant lieu \u00e0 un concours d\u2019architecture) livr\u00e9e fin 2023.<\/p>\n<p>&nbsp;<\/p>\n<p>[\/et_pb_text][\/et_pb_column][\/et_pb_row][et_pb_row column_structure=&#8221;1_2,1_2&#8243; use_custom_gutter=&#8221;on&#8221; admin_label=&#8221;phase 2&#8243; _builder_version=&#8221;4.4.2&#8243; max_width=&#8221;900px&#8221; custom_margin=&#8221;0px||||false|false&#8221; custom_padding=&#8221;0px||||false|false&#8221; animation_style=&#8221;fade&#8221;][et_pb_column type=&#8221;1_2&#8243; _builder_version=&#8221;3.29.3&#8243;][et_pb_text _builder_version=&#8221;4.5.1&#8243; _module_preset=&#8221;default&#8221;]<\/p>\n<h2>Phase 2<\/h2>\n<p>[\/et_pb_text][et_pb_text _builder_version=&#8221;4.5.1&#8243;]<\/p>\n<p style=\"text-align: left;\">La seconde phase de r\u00e9novation et d\u2019embellissement de Bocca Centre pr\u00e9voit l&#8217;am\u00e9nagement de l&#8217;ensemble de la place Roubaud, avec :<\/p>\n<ul class=\"disc\">\n<li>la <strong>reconstruction de<\/strong> <strong>la halle du march\u00e9<\/strong> <strong>qui abritera \u00e9galement des services publics en un seul et m\u00eame lieu<\/strong> pour faciliter la vie des usagers : <strong>La Poste<\/strong>, <strong>une mairie annexe<\/strong> \u00e9quip\u00e9e d\u2019une salle des mariages, <strong>un poste de polices municipale et nationale<\/strong>, <strong>un office du tourisme<\/strong> ainsi qu\u2019<strong>une brasserie<\/strong> ;<\/li>\n<\/ul>\n<ul class=\"disc\">\n<li>la <strong>r\u00e9alisation d&#8217;un<\/strong> <strong>parking public souterrain de 374 places <\/strong>aux tarifs attractifs ;<\/li>\n<li>la <strong>r\u00e9fection de la place Roubaud au sud et la cr\u00e9ation un<\/strong> <strong>parc paysager v\u00e9g\u00e9talis\u00e9 <\/strong>int\u00e9grant un square bois\u00e9, un jardin ludique avec des aires de jeux, des terrains ext\u00e9rieurs de p\u00e9tanque, des arbres remarquables et des bassins v\u00e9g\u00e9talis\u00e9s.<strong><br \/><\/strong><\/li>\n<\/ul>\n<p>[\/et_pb_text][\/et_pb_column][et_pb_column type=&#8221;1_2&#8243; _builder_version=&#8221;3.29.3&#8243;][et_pb_video src=&#8221;https:\/\/www.youtube.com\/watch?v=v2jQlA-vX30&#038;feature=emb_title&#8221; _builder_version=&#8221;4.5.1&#8243; _module_preset=&#8221;default&#8221;][\/et_pb_video][et_pb_divider _builder_version=&#8221;4.5.1&#8243; _module_preset=&#8221;default&#8221;][\/et_pb_divider][et_pb_button button_url=&#8221;https:\/\/cannespaysdelerins.fr\/index.php\/download\/10\/publications\/13642\/presentation-renovation-bocca-centre-phase-2.pdf&#8221; button_text=&#8221;T\u00e9l\u00e9charger la pr\u00e9sentation de Bocca Centre phase 2&#8243; _builder_version=&#8221;4.5.1&#8243; _module_preset=&#8221;default&#8221; custom_button=&#8221;on&#8221; button_text_color=&#8221;#ffffff&#8221; button_bg_color=&#8221;#e09900&#8243;][\/et_pb_button][\/et_pb_column][\/et_pb_row][et_pb_row column_structure=&#8221;1_2,1_2&#8243; use_custom_gutter=&#8221;on&#8221; admin_label=&#8221;phase 1&#8243; _builder_version=&#8221;4.4.2&#8243; max_width=&#8221;900px&#8221; custom_margin=&#8221;0px||||false|false&#8221; custom_padding=&#8221;0px||||false|false&#8221; animation_style=&#8221;fade&#8221;][et_pb_column type=&#8221;1_2&#8243; _builder_version=&#8221;3.29.3&#8243;][et_pb_text _builder_version=&#8221;4.5.1&#8243; _module_preset=&#8221;default&#8221;]<\/p>\n<h2>Phase 1<\/h2>\n<p>[\/et_pb_text][et_pb_text _builder_version=&#8221;4.5.1&#8243;]<\/p>\n<p style=\"text-align: left;\">Cette premi\u00e8re phase a consist\u00e9 \u00e0 repenser la place Paul Roubaud, \u00e0 oxyg\u00e9ner l&#8217;avenue Francis Tonner, \u00e0 renforcer le stationnement, puis \u00e0 s\u00e9curiser et fluidifier la circulation.<\/p>\n<p>&nbsp;<\/p>\n<p style=\"text-align: left;\"><strong>CHIFFRES CLES<\/strong><\/p>\n<p style=\"text-align: left;\"><strong>16 360 m<\/strong><strong>\u00b2<\/strong> de dallage-pavage calcaire de haute qualit\u00e9<\/p>\n<p style=\"text-align: left;\"><strong>1 <\/strong>place totalement r\u00e9am\u00e9nag\u00e9e embellie s\u00e9curis\u00e9e<\/p>\n<p style=\"text-align: left;\"><strong>3<\/strong> stations BHNS r\u00e9am\u00e9nag\u00e9es et accessibles<\/p>\n<p style=\"text-align: left;\"><strong>140<\/strong> grands arbres plant\u00e9s dans le cadre de cet embellissement<\/p>\n<p>[\/et_pb_text][et_pb_video src=&#8221;https:\/\/cannespaysdelerins.fr\/videos\/bocca-centre.mp4&#8243; src_webm=&#8221;https:\/\/cannespaysdelerins.fr\/videos\/bocca-centre.mp4&#8243; image_src=&#8221;https:\/\/cannespaysdelerins.fr\/wp-content\/uploads\/2019\/10\/couv-video-bocca-centre.jpg&#8221; thumbnail_overlay_color=&#8221;rgba(0,0,0,0.6)&#8221; _builder_version=&#8221;3.29.3&#8243; border_radii=&#8221;on|10px|10px|10px|10px&#8221;][\/et_pb_video][\/et_pb_column][et_pb_column type=&#8221;1_2&#8243; _builder_version=&#8221;3.29.3&#8243;][et_pb_divider _builder_version=&#8221;4.5.1&#8243; _module_preset=&#8221;default&#8221;][\/et_pb_divider][et_pb_image src=&#8221;https:\/\/cannespaysdelerins.fr\/wp-content\/uploads\/2019\/10\/ima-bocca-centre01.jpg&#8221; _builder_version=&#8221;4.0.2&#8243; animation_style=&#8221;slide&#8221; animation_direction=&#8221;right&#8221;][\/et_pb_image][et_pb_image src=&#8221;https:\/\/cannespaysdelerins.fr\/wp-content\/uploads\/2019\/10\/ima-bocca-centre02.jpg&#8221; _builder_version=&#8221;4.0.2&#8243; animation_style=&#8221;slide&#8221; animation_direction=&#8221;right&#8221; animation_duration=&#8221;2000ms&#8221;][\/et_pb_image][\/et_pb_column][\/et_pb_row][\/et_pb_section]<\/p>\n","protected":false},"excerpt":{"rendered":"<p>Jamais le centre de La Bocca n\u2019a b\u00e9n\u00e9fici\u00e9 d\u2019un projet si ambitieux et si massif ! Du d\u00e9but de l\u2019avenue Francis Tonner jusqu\u2019au Moulin de la Gaiet\u00e9, 76 000 m\u00b2 (54 700 m\u00b2 en phase 1) sont en cours de r\u00e9am\u00e9nagement, modernisation et embellissement pour prot\u00e9ger et valoriser l\u2019identit\u00e9 forte du c\u0153ur de La Bocca.<\/p>\n","protected":false},"author":8,"featured_media":6011,"parent":0,"menu_order":0,"comment_status":"closed","ping_status":"closed","template":"","meta":{"_et_pb_use_builder":"on","_et_pb_old_content":"","_et_gb_content_width":"","footnotes":""},"class_list":["post-4068","page","type-page","status-publish","has-post-thumbnail","hentry"],"_links":{"self":[{"href":"https:\/\/cannespaysdelerins.fr\/index.php\/wp-json\/wp\/v2\/pages\/4068","targetHints":{"allow":["GET"]}}],"collection":[{"href":"https:\/\/cannespaysdelerins.fr\/index.php\/wp-json\/wp\/v2\/pages"}],"about":[{"href":"https:\/\/cannespaysdelerins.fr\/index.php\/wp-json\/wp\/v2\/types\/page"}],"author":[{"embeddable":true,"href":"https:\/\/cannespaysdelerins.fr\/index.php\/wp-json\/wp\/v2\/users\/8"}],"replies":[{"embeddable":true,"href":"https:\/\/cannespaysdelerins.fr\/index.php\/wp-json\/wp\/v2\/comments?post=4068"}],"version-history":[{"count":51,"href":"https:\/\/cannespaysdelerins.fr\/index.php\/wp-json\/wp\/v2\/pages\/4068\/revisions"}],"predecessor-version":[{"id":13650,"href":"https:\/\/cannespaysdelerins.fr\/index.php\/wp-json\/wp\/v2\/pages\/4068\/revisions\/13650"}],"wp:featuredmedia":[{"embeddable":true,"href":"https:\/\/cannespaysdelerins.fr\/index.php\/wp-json\/wp\/v2\/media\/6011"}],"wp:attachment":[{"href":"https:\/\/cannespaysdelerins.fr\/index.php\/wp-json\/wp\/v2\/media?parent=4068"}],"curies":[{"name":"wp","href":"https:\/\/api.w.org\/{rel}","templated":true}]}}