{"id":19401,"date":"2025-01-31T13:13:57","date_gmt":"2025-01-31T13:13:57","guid":{"rendered":"https:\/\/cannespaysdelerins.fr\/?page_id=19401"},"modified":"2025-07-15T13:52:15","modified_gmt":"2025-07-15T13:52:15","slug":"pole-dexcellence-du-nautisme","status":"publish","type":"page","link":"https:\/\/cannespaysdelerins.fr\/index.php\/pole-dexcellence-du-nautisme\/","title":{"rendered":"P\u00f4le d\u2019Excellence du nautisme"},"content":{"rendered":"<p>[et_pb_section fb_built=&#8221;1&#8243; custom_padding_last_edited=&#8221;off|phone&#8221; disabled_on=&#8221;on|off|off&#8221; admin_label=&#8221;Header image&#8221; _builder_version=&#8221;4.25.2&#8243; background_image=&#8221;https:\/\/cannespaysdelerins.fr\/wp-content\/uploads\/2019\/11\/vis-homepage02.jpg&#8221; parallax=&#8221;on&#8221; z_index=&#8221;0&#8243; min_height=&#8221;800px&#8221; min_height_phone=&#8221;500px&#8221; min_height_last_edited=&#8221;off|phone&#8221; custom_margin=&#8221;||||false|false&#8221; custom_margin_last_edited=&#8221;off|desktop&#8221; custom_padding=&#8221;||||false|false&#8221; custom_padding_phone=&#8221;||||true|false&#8221; animation_style=&#8221;fade&#8221; collapsed=&#8221;off&#8221; global_colors_info=&#8221;{}&#8221;][et_pb_row disabled_on=&#8221;off|off|off&#8221; admin_label=&#8221;Accroche DESKTOP&#8221; _builder_version=&#8221;4.16&#8243; background_color=&#8221;rgba(0,0,0,0)&#8221; custom_margin=&#8221;||||false|false&#8221; global_colors_info=&#8221;{}&#8221;][et_pb_column type=&#8221;4_4&#8243; _builder_version=&#8221;4.16&#8243; global_colors_info=&#8221;{}&#8221;][et_pb_text _builder_version=&#8221;4.25.2&#8243; header_font=&#8221;Open Light||||||||&#8221; header_text_align=&#8221;center&#8221; header_text_color=&#8221;#ffffff&#8221; header_font_size=&#8221;33px&#8221; header_letter_spacing=&#8221;1.5px&#8221; header_line_height=&#8221;1.6em&#8221; background_color=&#8221;rgba(0,0,0,0.29)&#8221; max_width=&#8221;500px&#8221; max_width_tablet=&#8221;&#8221; max_width_phone=&#8221;250px&#8221; max_width_last_edited=&#8221;on|phone&#8221; module_alignment=&#8221;center&#8221; custom_margin=&#8221;50px||||false|false&#8221; custom_margin_tablet=&#8221;&#8221; custom_margin_phone=&#8221;0px||||false|false&#8221; custom_margin_last_edited=&#8221;on|desktop&#8221; custom_padding=&#8221;30px||30px||true|false&#8221; animation_style=&#8221;fade&#8221; animation_duration=&#8221;2000ms&#8221; header_font_size_tablet=&#8221;&#8221; header_font_size_phone=&#8221;25px&#8221; header_font_size_last_edited=&#8221;on|phone&#8221; header_line_height_tablet=&#8221;&#8221; header_line_height_phone=&#8221;1.6em&#8221; header_line_height_last_edited=&#8221;on|phone&#8221; border_radii=&#8221;on|6px|6px|6px|6px&#8221; global_colors_info=&#8221;{}&#8221;]<\/p>\n<h1 style=\"text-align: center;\">P\u00f4le d\u2019Excellence<\/h1>\n<h1 style=\"text-align: center;\">du nautisme<\/h1>\n<p>[\/et_pb_text][\/et_pb_column][\/et_pb_row][\/et_pb_section][et_pb_section fb_built=&#8221;1&#8243; _builder_version=&#8221;4.25.2&#8243; _module_preset=&#8221;default&#8221; global_colors_info=&#8221;{}&#8221;][et_pb_row _builder_version=&#8221;4.25.2&#8243; _module_preset=&#8221;default&#8221; custom_padding=&#8221;|138px||108px||&#8221; global_colors_info=&#8221;{}&#8221;][et_pb_column type=&#8221;4_4&#8243; _builder_version=&#8221;4.25.2&#8243; _module_preset=&#8221;default&#8221; global_colors_info=&#8221;{}&#8221;][et_pb_text _builder_version=&#8221;4.25.2&#8243; _module_preset=&#8221;default&#8221; global_colors_info=&#8221;{}&#8221;]<\/p>\n<h1><strong>P\u00f4le d&#8217;Excellence du nautisme\u00a0<\/strong><\/h1>\n<p>[\/et_pb_text][et_pb_text _builder_version=&#8221;4.25.2&#8243; _module_preset=&#8221;default&#8221; global_colors_info=&#8221;{}&#8221;]<\/p>\n<p>Dans le cadre de sa comp\u00e9tence d\u00e9veloppement \u00e9conomique, la communaut\u00e9 d\u2019agglom\u00e9ration en partenariat avec la commune de Mandelieu-La Napoule ont d\u00e9cid\u00e9, conform\u00e9ment \u00e0 la d\u00e9lib\u00e9ration n\u00b023 du 11 octobre 2024 d\u2019engager la cr\u00e9ation d\u2019une<strong> Zone d\u2019Am\u00e9nagement Concert\u00e9<\/strong> d\u00e9di\u00e9e au Nautisme.<\/p>\n<p>Les <strong>objectifs de ce P\u00f4le d\u2019Excellence<\/strong> du Nautisme sont\u00a0:<\/p>\n<ul>\n<li>Accueillir des formations en lien avec le monde du nautisme afin de favoriser, au sein d\u2019un cluster d\u00e9di\u00e9, la \u00ab\u00a0fertilisation crois\u00e9e\u00a0\u00bb entre le monde de la recherche et de la formation et les acteurs \u00e9conomiques du secteur,<\/li>\n<li>R\u00e9aliser un bassin technique connect\u00e9 \u00e0 la mer via la Siagne pour offrir aux entreprises locales une possibilit\u00e9 d\u2019intervenir sur les bateaux et tester leurs innovations dans des conditions r\u00e9elles de navigation,<\/li>\n<li>R\u00e9aliser une aire de car\u00e9nage permettant aux entreprises locales d\u2019intervenir sur les bateaux \u00e0 proximit\u00e9 de leur local,<\/li>\n<li>D\u00e9velopper une offre d\u2019accueil pour des entreprises travaillant dans le domaine du nautisme, et plus particuli\u00e8rement en mati\u00e8re de \u00ab bateaux du futur \u00bb, d\u2019hybridation des moteurs, d\u2019innovation et d\u2019ing\u00e9nierie en termes de pratiques nautiques et de syst\u00e8mes de guidages,<\/li>\n<li>Int\u00e9grer le projet dans son environnement en r\u00e9alisant un site exemplaire et r\u00e9habiliter la zone humide contig\u00fce \u00e0 la future zone nautique.<\/li>\n<\/ul>\n<p>&nbsp;<\/p>\n<p>[\/et_pb_text][\/et_pb_column][\/et_pb_row][et_pb_row column_structure=&#8221;3_5,2_5&#8243; _builder_version=&#8221;4.25.2&#8243; _module_preset=&#8221;default&#8221; global_colors_info=&#8221;{}&#8221;][et_pb_column type=&#8221;3_5&#8243; _builder_version=&#8221;4.25.2&#8243; _module_preset=&#8221;default&#8221; global_colors_info=&#8221;{}&#8221;][et_pb_image src=&#8221;https:\/\/cannespaysdelerins.fr\/wp-content\/uploads\/2025\/01\/ZAC_nautisme-723&#215;1024.jpg&#8221; alt=&#8221;P\u00e9rim\u00e8tre ZAC &#8211; Activit\u00e9 li\u00e9e au nautisme&#8221; title_text=&#8221;ZAC_nautisme&#8221; align=&#8221;center&#8221; admin_label=&#8221;Image&#8221; _builder_version=&#8221;4.25.2&#8243; _module_preset=&#8221;default&#8221; custom_padding=&#8221;0px|||||&#8221; global_colors_info=&#8221;{}&#8221;][\/et_pb_image][\/et_pb_column][et_pb_column type=&#8221;2_5&#8243; _builder_version=&#8221;4.25.2&#8243; _module_preset=&#8221;default&#8221; global_colors_info=&#8221;{}&#8221;][et_pb_text _builder_version=&#8221;4.25.2&#8243; _module_preset=&#8221;default&#8221; width=&#8221;80%&#8221; max_width=&#8221;1920%&#8221; module_alignment=&#8221;center&#8221; global_colors_info=&#8221;{}&#8221;]<\/p>\n<p>La proc\u00e9dure de cr\u00e9ation de la ZAC fait l\u2019objet d\u2019une concertation pr\u00e9alable conform\u00e9ment aux exigences de l\u2019article <span style=\"color: #0000ff;\"><a style=\"color: #0000ff;\" href=\"https:\/\/www.legifrance.gouv.fr\/codes\/article_lc\/LEGIARTI000042655025\/2021-12-21\" target=\"_blank\" rel=\"noopener\">L. 103-2 du Code de l\u2019Urbanisme<\/a><\/span>, \u00e0 laquelle vous pouvez participer en posant vos questions et en nous faisant part de vos remarques sur l\u2019adresse suivante : <a href=\"mailto:zac.nautisme@cannespaysdelerins.fr\"><span style=\"color: #0000ff;\">zac.nautisme@cannespaysdelerins.fr<\/span>.<\/a><\/p>\n<p>Vous trouverez sur cette page internet la mise \u00e0 jour des documents de concertation au fur et \u00e0 mesure de l\u2019avanc\u00e9e de la proc\u00e9dure.<\/p>\n<p>[\/et_pb_text][et_pb_button button_url=&#8221;https:\/\/cannespaysdelerins.fr\/index.php\/download\/49\/nouvelle-categorie\/19418\/delib-n-23-creation-zone-amenagement-nautisme-mandelieu.pdf&#8221; button_text=&#8221;T\u00e9l\u00e9charger d\u00e9lib\u00e9ration&#8221; button_alignment=&#8221;center&#8221; admin_label=&#8221;Bouton&#8221; _builder_version=&#8221;4.25.2&#8243; _module_preset=&#8221;default&#8221; custom_margin=&#8221;|85px||||&#8221; global_colors_info=&#8221;{}&#8221;][\/et_pb_button][et_pb_code _builder_version=&#8221;4.25.2&#8243; _module_preset=&#8221;default&#8221; global_colors_info=&#8221;{}&#8221;]<div style=\"text-align: center; width:600px; margin: 12px auto;\"><iframe loading=\"lazy\" src=\"\/\/v.calameo.com\/?bkcode=007910917d37f4c3d1941&amp;language=fr&amp;page=&amp;showsharemenu=true&amp;mode=viewer&amp;view=scroll\" width=\"600\" height=\"750\" style=\"width:600px;height:750px\" frameborder=\"0\" scrolling=\"no\" allowtransparency allowfullscreen><\/iframe><\/div>[\/et_pb_code][\/et_pb_column][\/et_pb_row][et_pb_row column_structure=&#8221;1_3,1_3,1_3&#8243; _builder_version=&#8221;4.25.2&#8243; _module_preset=&#8221;default&#8221; global_colors_info=&#8221;{}&#8221;][et_pb_column type=&#8221;1_3&#8243; _builder_version=&#8221;4.25.2&#8243; _module_preset=&#8221;default&#8221; global_colors_info=&#8221;{}&#8221;][et_pb_image src=&#8221;https:\/\/cannespaysdelerins.fr\/wp-content\/uploads\/2025\/04\/ZAC-Nautisme-Panneau-1_V2.jpg&#8221; title_text=&#8221;ZAC Nautisme &#8211; Panneau 1_V05_HD&#8221; url=&#8221;https:\/\/cannespaysdelerins.fr\/wp-content\/uploads\/2025\/04\/ZAC-Nautisme-Panneau-1_V2.jpg&#8221; _builder_version=&#8221;4.25.2&#8243; _module_preset=&#8221;default&#8221; global_colors_info=&#8221;{}&#8221;][\/et_pb_image][\/et_pb_column][et_pb_column type=&#8221;1_3&#8243; _builder_version=&#8221;4.25.2&#8243; _module_preset=&#8221;default&#8221; global_colors_info=&#8221;{}&#8221;][et_pb_image src=&#8221;https:\/\/cannespaysdelerins.fr\/wp-content\/uploads\/2025\/04\/ZAC-Nautisme-Panneau-2_V2-scaled.jpg&#8221; title_text=&#8221;ZAC Nautisme &#8211; Panneau 2_V05_HD&#8221; url=&#8221;https:\/\/cannespaysdelerins.fr\/wp-content\/uploads\/2025\/04\/ZAC-Nautisme-Panneau-2_V2-scaled.jpg&#8221; _builder_version=&#8221;4.25.2&#8243; _module_preset=&#8221;default&#8221; global_colors_info=&#8221;{}&#8221;][\/et_pb_image][\/et_pb_column][et_pb_column type=&#8221;1_3&#8243; _builder_version=&#8221;4.25.2&#8243; _module_preset=&#8221;default&#8221; global_colors_info=&#8221;{}&#8221;][et_pb_image src=&#8221;https:\/\/cannespaysdelerins.fr\/wp-content\/uploads\/2025\/04\/ZAC-Nautisme-Panneau-3_V4.jpg&#8221; title_text=&#8221;ZAC Nautisme &#8211; Panneau 3_V05_HD&#8221; url=&#8221;https:\/\/cannespaysdelerins.fr\/wp-content\/uploads\/2025\/04\/ZAC-Nautisme-Panneau-3_V4.jpg&#8221; _builder_version=&#8221;4.25.2&#8243; _module_preset=&#8221;default&#8221; global_colors_info=&#8221;{}&#8221;][\/et_pb_image][\/et_pb_column][\/et_pb_row][\/et_pb_section]<\/p>\n","protected":false},"excerpt":{"rendered":"<p>P\u00f4le d\u2019Excellence du nautismeP\u00f4le d&#8217;Excellence du nautisme\u00a0Dans le cadre de sa comp\u00e9tence d\u00e9veloppement \u00e9conomique, la communaut\u00e9 d\u2019agglom\u00e9ration en partenariat avec la commune de Mandelieu-La Napoule ont d\u00e9cid\u00e9, conform\u00e9ment \u00e0 la d\u00e9lib\u00e9ration n\u00b023 du 11 octobre 2024 d\u2019engager la cr\u00e9ation d\u2019une Zone d\u2019Am\u00e9nagement Concert\u00e9 d\u00e9di\u00e9e au Nautisme. Les objectifs de ce P\u00f4le d\u2019Excellence du Nautisme sont\u00a0: [&hellip;]<\/p>\n","protected":false},"author":6,"featured_media":0,"parent":0,"menu_order":0,"comment_status":"closed","ping_status":"closed","template":"","meta":{"_et_pb_use_builder":"on","_et_pb_old_content":"","_et_gb_content_width":"","footnotes":""},"class_list":["post-19401","page","type-page","status-publish","hentry"],"_links":{"self":[{"href":"https:\/\/cannespaysdelerins.fr\/index.php\/wp-json\/wp\/v2\/pages\/19401","targetHints":{"allow":["GET"]}}],"collection":[{"href":"https:\/\/cannespaysdelerins.fr\/index.php\/wp-json\/wp\/v2\/pages"}],"about":[{"href":"https:\/\/cannespaysdelerins.fr\/index.php\/wp-json\/wp\/v2\/types\/page"}],"author":[{"embeddable":true,"href":"https:\/\/cannespaysdelerins.fr\/index.php\/wp-json\/wp\/v2\/users\/6"}],"replies":[{"embeddable":true,"href":"https:\/\/cannespaysdelerins.fr\/index.php\/wp-json\/wp\/v2\/comments?post=19401"}],"version-history":[{"count":26,"href":"https:\/\/cannespaysdelerins.fr\/index.php\/wp-json\/wp\/v2\/pages\/19401\/revisions"}],"predecessor-version":[{"id":20629,"href":"https:\/\/cannespaysdelerins.fr\/index.php\/wp-json\/wp\/v2\/pages\/19401\/revisions\/20629"}],"wp:attachment":[{"href":"https:\/\/cannespaysdelerins.fr\/index.php\/wp-json\/wp\/v2\/media?parent=19401"}],"curies":[{"name":"wp","href":"https:\/\/api.w.org\/{rel}","templated":true}]}}

Pôle d’Excellence du nautisme

<p>[et_pb_section fb_built=&#8221;1&#8243; custom_padding_last_edited=&#8221;off|phone&#8221; disabled_on=&#8221;on|off|off&#8221; admin_label=&#8221;Header image&#8221; _builder_version=&#8221;4.25.2&#8243; background_image=&#8221;https://cannespaysdelerins.fr/wp-content/uploads/2019/11/vis-homepage02.jpg&#8221; parallax=&#8221;on&#8221; z_index=&#8221;0&#8243; min_height=&#8221;800px&#8221; min_height_phone=&#8221;500px&#8221; min_height_last_edited=&#8221;off|phone&#8221; custom_margin=&#8221;||||false|false&#8221; custom_margin_last_edited=&#8221;off|desktop&#8221; custom_padding=&#8221;||||false|false&#8221; custom_padding_phone=&#8221;||||true|false&#8221; animation_style=&#8221;fade&#8221; collapsed=&#8221;off&#8221; global_colors_info=&#8221;{}&#8221;][et_pb_row disabled_on=&#8221;off|off|off&#8221; admin_label=&#8221;Accroche DESKTOP&#8221; _builder_version=&#8221;4.16&#8243; background_color=&#8221;rgba(0,0,0,0)&#8221; custom_margin=&#8221;||||false|false&#8221; global_colors_info=&#8221;{}&#8221;][et_pb_column type=&#8221;4_4&#8243; _builder_version=&#8221;4.16&#8243; global_colors_info=&#8221;{}&#8221;][et_pb_text _builder_version=&#8221;4.25.2&#8243; header_font=&#8221;Open Light||||||||&#8221; header_text_align=&#8221;center&#8221; header_text_color=&#8221;#ffffff&#8221; header_font_size=&#8221;33px&#8221; header_letter_spacing=&#8221;1.5px&#8221; header_line_height=&#8221;1.6em&#8221; background_color=&#8221;rgba(0,0,0,0.29)&#8221; max_width=&#8221;500px&#8221; max_width_tablet=&#8221;&#8221; max_width_phone=&#8221;250px&#8221; max_width_last_edited=&#8221;on|phone&#8221; module_alignment=&#8221;center&#8221; custom_margin=&#8221;50px||||false|false&#8221; custom_margin_tablet=&#8221;&#8221; custom_margin_phone=&#8221;0px||||false|false&#8221; custom_margin_last_edited=&#8221;on|desktop&#8221; custom_padding=&#8221;30px||30px||true|false&#8221; animation_style=&#8221;fade&#8221; animation_duration=&#8221;2000ms&#8221; header_font_size_tablet=&#8221;&#8221; header_font_size_phone=&#8221;25px&#8221; header_font_size_last_edited=&#8221;on|phone&#8221; header_line_height_tablet=&#8221;&#8221; header_line_height_phone=&#8221;1.6em&#8221; header_line_height_last_edited=&#8221;on|phone&#8221; border_radii=&#8221;on|6px|6px|6px|6px&#8221; global_colors_info=&#8221;{}&#8221;]</p>
<h1 style="text-align: center;">Pôle d’Excellence</h1>
<h1 style="text-align: center;">du nautisme</h1>
<p>[/et_pb_text][/et_pb_column][/et_pb_row][/et_pb_section][et_pb_section fb_built=&#8221;1&#8243; _builder_version=&#8221;4.25.2&#8243; _module_preset=&#8221;default&#8221; global_colors_info=&#8221;{}&#8221;][et_pb_row _builder_version=&#8221;4.25.2&#8243; _module_preset=&#8221;default&#8221; custom_padding=&#8221;|138px||108px||&#8221; global_colors_info=&#8221;{}&#8221;][et_pb_column type=&#8221;4_4&#8243; _builder_version=&#8221;4.25.2&#8243; _module_preset=&#8221;default&#8221; global_colors_info=&#8221;{}&#8221;][et_pb_text _builder_version=&#8221;4.25.2&#8243; _module_preset=&#8221;default&#8221; global_colors_info=&#8221;{}&#8221;]</p>
<h1><strong>Pôle d&#8217;Excellence du nautisme </strong></h1>
<p>[/et_pb_text][et_pb_text _builder_version=&#8221;4.25.2&#8243; _module_preset=&#8221;default&#8221; global_colors_info=&#8221;{}&#8221;]</p>
<p>Dans le cadre de sa compétence développement économique, la communauté d’agglomération en partenariat avec la commune de Mandelieu-La Napoule ont décidé, conformément à la délibération n°23 du 11 octobre 2024 d’engager la création d’une<strong> Zone d’Aménagement Concerté</strong> dédiée au Nautisme.</p>
<p>Les <strong>objectifs de ce Pôle d’Excellence</strong> du Nautisme sont :</p>
<ul>
<li>Accueillir des formations en lien avec le monde du nautisme afin de favoriser, au sein d’un cluster dédié, la « fertilisation croisée » entre le monde de la recherche et de la formation et les acteurs économiques du secteur,</li>
<li>Réaliser un bassin technique connecté à la mer via la Siagne pour offrir aux entreprises locales une possibilité d’intervenir sur les bateaux et tester leurs innovations dans des conditions réelles de navigation,</li>
<li>Réaliser une aire de carénage permettant aux entreprises locales d’intervenir sur les bateaux à proximité de leur local,</li>
<li>Développer une offre d’accueil pour des entreprises travaillant dans le domaine du nautisme, et plus particulièrement en matière de « bateaux du futur », d’hybridation des moteurs, d’innovation et d’ingénierie en termes de pratiques nautiques et de systèmes de guidages,</li>
<li>Intégrer le projet dans son environnement en réalisant un site exemplaire et réhabiliter la zone humide contigüe à la future zone nautique.</li>
</ul>
<p>&nbsp;</p>
<p>[/et_pb_text][/et_pb_column][/et_pb_row][et_pb_row column_structure=&#8221;3_5,2_5&#8243; _builder_version=&#8221;4.25.2&#8243; _module_preset=&#8221;default&#8221; global_colors_info=&#8221;{}&#8221;][et_pb_column type=&#8221;3_5&#8243; _builder_version=&#8221;4.25.2&#8243; _module_preset=&#8221;default&#8221; global_colors_info=&#8221;{}&#8221;][et_pb_image src=&#8221;https://cannespaysdelerins.fr/wp-content/uploads/2025/01/ZAC_nautisme-723&#215;1024.jpg&#8221; alt=&#8221;Périmètre ZAC &#8211; Activité liée au nautisme&#8221; title_text=&#8221;ZAC_nautisme&#8221; align=&#8221;center&#8221; admin_label=&#8221;Image&#8221; _builder_version=&#8221;4.25.2&#8243; _module_preset=&#8221;default&#8221; custom_padding=&#8221;0px|||||&#8221; global_colors_info=&#8221;{}&#8221;][/et_pb_image][/et_pb_column][et_pb_column type=&#8221;2_5&#8243; _builder_version=&#8221;4.25.2&#8243; _module_preset=&#8221;default&#8221; global_colors_info=&#8221;{}&#8221;][et_pb_text _builder_version=&#8221;4.25.2&#8243; _module_preset=&#8221;default&#8221; width=&#8221;80%&#8221; max_width=&#8221;1920%&#8221; module_alignment=&#8221;center&#8221; global_colors_info=&#8221;{}&#8221;]</p>
<p>La procédure de création de la ZAC fait l’objet d’une concertation préalable conformément aux exigences de l’article <span style="color: #0000ff;"><a style="color: #0000ff;" href="https://www.legifrance.gouv.fr/codes/article_lc/LEGIARTI000042655025/2021-12-21" target="_blank" rel="noopener">L. 103-2 du Code de l’Urbanisme</a></span>, à laquelle vous pouvez participer en posant vos questions et en nous faisant part de vos remarques sur l’adresse suivante : <a href="mailto:zac.nautisme@cannespaysdelerins.fr"><span style="color: #0000ff;">zac.nautisme@cannespaysdelerins.fr</span>.</a></p>
<p>Vous trouverez sur cette page internet la mise à jour des documents de concertation au fur et à mesure de l’avancée de la procédure.</p>
<p>[/et_pb_text][et_pb_button button_url=&#8221;https://cannespaysdelerins.fr/index.php/download/49/nouvelle-categorie/19418/delib-n-23-creation-zone-amenagement-nautisme-mandelieu.pdf&#8221; button_text=&#8221;Télécharger délibération&#8221; button_alignment=&#8221;center&#8221; admin_label=&#8221;Bouton&#8221; _builder_version=&#8221;4.25.2&#8243; _module_preset=&#8221;default&#8221; custom_margin=&#8221;|85px||||&#8221; global_colors_info=&#8221;{}&#8221;][/et_pb_button][et_pb_code _builder_version=&#8221;4.25.2&#8243; _module_preset=&#8221;default&#8221; global_colors_info=&#8221;{}&#8221;]<div style="text-align: center; width:600px; margin: 12px auto;"><iframe loading="lazy" src="//v.calameo.com/?bkcode=007910917d37f4c3d1941&amp;language=fr&amp;page=&amp;showsharemenu=true&amp;mode=viewer&amp;view=scroll" width="600" height="750" style="width:600px;height:750px" frameborder="0" scrolling="no" allowtransparency allowfullscreen></iframe></div>[/et_pb_code][/et_pb_column][/et_pb_row][et_pb_row column_structure=&#8221;1_3,1_3,1_3&#8243; _builder_version=&#8221;4.25.2&#8243; _module_preset=&#8221;default&#8221; global_colors_info=&#8221;{}&#8221;][et_pb_column type=&#8221;1_3&#8243; _builder_version=&#8221;4.25.2&#8243; _module_preset=&#8221;default&#8221; global_colors_info=&#8221;{}&#8221;][et_pb_image src=&#8221;https://cannespaysdelerins.fr/wp-content/uploads/2025/04/ZAC-Nautisme-Panneau-1_V2.jpg&#8221; title_text=&#8221;ZAC Nautisme &#8211; Panneau 1_V05_HD&#8221; url=&#8221;https://cannespaysdelerins.fr/wp-content/uploads/2025/04/ZAC-Nautisme-Panneau-1_V2.jpg&#8221; _builder_version=&#8221;4.25.2&#8243; _module_preset=&#8221;default&#8221; global_colors_info=&#8221;{}&#8221;][/et_pb_image][/et_pb_column][et_pb_column type=&#8221;1_3&#8243; _builder_version=&#8221;4.25.2&#8243; _module_preset=&#8221;default&#8221; global_colors_info=&#8221;{}&#8221;][et_pb_image src=&#8221;https://cannespaysdelerins.fr/wp-content/uploads/2025/04/ZAC-Nautisme-Panneau-2_V2-scaled.jpg&#8221; title_text=&#8221;ZAC Nautisme &#8211; Panneau 2_V05_HD&#8221; url=&#8221;https://cannespaysdelerins.fr/wp-content/uploads/2025/04/ZAC-Nautisme-Panneau-2_V2-scaled.jpg&#8221; _builder_version=&#8221;4.25.2&#8243; _module_preset=&#8221;default&#8221; global_colors_info=&#8221;{}&#8221;][/et_pb_image][/et_pb_column][et_pb_column type=&#8221;1_3&#8243; _builder_version=&#8221;4.25.2&#8243; _module_preset=&#8221;default&#8221; global_colors_info=&#8221;{}&#8221;][et_pb_image src=&#8221;https://cannespaysdelerins.fr/wp-content/uploads/2025/04/ZAC-Nautisme-Panneau-3_V4.jpg&#8221; title_text=&#8221;ZAC Nautisme &#8211; Panneau 3_V05_HD&#8221; url=&#8221;https://cannespaysdelerins.fr/wp-content/uploads/2025/04/ZAC-Nautisme-Panneau-3_V4.jpg&#8221; _builder_version=&#8221;4.25.2&#8243; _module_preset=&#8221;default&#8221; global_colors_info=&#8221;{}&#8221;][/et_pb_image][/et_pb_column][/et_pb_row][/et_pb_section]</p>

<p>Pôle d’Excellence du nautismePôle d&#8217;Excellence du nautisme Dans le cadre de sa compétence développement économique, la communauté d’agglomération en partenariat avec la commune de Mandelieu-La Napoule ont décidé, conformément à la délibération n°23 du 11 octobre 2024 d’engager la création d’une Zone d’Aménagement Concerté dédiée au Nautisme. Les objectifs de ce Pôle d’Excellence du Nautisme sont : [&hellip;]</p>
