{"id":1907,"date":"2019-10-05T16:17:47","date_gmt":"2019-10-05T16:17:47","guid":{"rendered":"https:\/\/cannespaysdelerins.fr\/?page_id=1907"},"modified":"2024-10-10T12:12:24","modified_gmt":"2024-10-10T12:12:24","slug":"competences","status":"publish","type":"page","link":"https:\/\/cannespaysdelerins.fr\/index.php\/competences\/","title":{"rendered":"Comp\u00e9tences"},"content":{"rendered":"<p>[et_pb_section fb_built=&#8221;1&#8243; custom_padding_last_edited=&#8221;off|phone&#8221; disabled_on=&#8221;off|off|off&#8221; admin_label=&#8221;Header image&#8221; _builder_version=&#8221;4.16&#8243; background_image=&#8221;https:\/\/cannespaysdelerins.fr\/wp-content\/uploads\/2019\/10\/vis-competences.jpg&#8221; parallax=&#8221;on&#8221; z_index=&#8221;0&#8243; min_height=&#8221;700px&#8221; min_height_tablet=&#8221;&#8221; min_height_phone=&#8221;500px&#8221; min_height_last_edited=&#8221;on|desktop&#8221; custom_margin=&#8221;||||false|false&#8221; custom_margin_last_edited=&#8221;off|desktop&#8221; custom_padding=&#8221;||||false|false&#8221; custom_padding_phone=&#8221;||||true|false&#8221; animation_style=&#8221;fade&#8221; collapsed=&#8221;on&#8221; global_colors_info=&#8221;{}&#8221;][et_pb_row disabled_on=&#8221;off|off|off&#8221; admin_label=&#8221;Accroche DESKTOP&#8221; _builder_version=&#8221;4.16&#8243; background_color=&#8221;rgba(0,0,0,0)&#8221; custom_margin=&#8221;||||false|false&#8221; global_colors_info=&#8221;{}&#8221;][et_pb_column type=&#8221;4_4&#8243; _builder_version=&#8221;4.16&#8243; global_colors_info=&#8221;{}&#8221;][et_pb_text _builder_version=&#8221;4.16&#8243; header_font=&#8221;Open Light||||||||&#8221; header_text_align=&#8221;center&#8221; header_text_color=&#8221;#ffffff&#8221; header_font_size=&#8221;40px&#8221; header_letter_spacing=&#8221;1.5px&#8221; header_line_height=&#8221;1.3em&#8221; background_color=&#8221;rgba(124,124,124,0.38)&#8221; max_width=&#8221;300px&#8221; max_width_tablet=&#8221;&#8221; max_width_phone=&#8221;200px&#8221; max_width_last_edited=&#8221;on|phone&#8221; module_alignment=&#8221;center&#8221; custom_margin=&#8221;50px||||false|false&#8221; custom_margin_tablet=&#8221;&#8221; custom_margin_phone=&#8221;0px||||false|false&#8221; custom_margin_last_edited=&#8221;on|phone&#8221; custom_padding=&#8221;30px||30px||true|false&#8221; animation_style=&#8221;fade&#8221; animation_duration=&#8221;2000ms&#8221; header_font_size_tablet=&#8221;&#8221; header_font_size_phone=&#8221;25px&#8221; header_font_size_last_edited=&#8221;on|phone&#8221; header_line_height_tablet=&#8221;&#8221; header_line_height_phone=&#8221;1em&#8221; header_line_height_last_edited=&#8221;on|phone&#8221; border_radii=&#8221;on|6px|6px|6px|6px&#8221; global_colors_info=&#8221;{}&#8221;]<\/p>\n<h1 style=\"text-align: center;\">Comp\u00e9tences<\/h1>\n<p>[\/et_pb_text][\/et_pb_column][\/et_pb_row][\/et_pb_section][et_pb_section fb_built=&#8221;1&#8243; _builder_version=&#8221;4.16&#8243; background_color=&#8221;rgba(0,0,0,0)&#8221; background_enable_image=&#8221;off&#8221; background_size=&#8221;initial&#8221; custom_margin=&#8221;|40px||40px|false|true&#8221; custom_margin_tablet=&#8221;&#8221; custom_margin_phone=&#8221;|20px||20px|false|true&#8221; custom_margin_last_edited=&#8221;on|desktop&#8221; custom_padding=&#8221;0px||140px|||&#8221; animation_style=&#8221;slide&#8221; animation_direction=&#8221;bottom&#8221; animation_duration=&#8221;1550ms&#8221; global_colors_info=&#8221;{}&#8221;][et_pb_row column_structure=&#8221;1_2,1_2&#8243; custom_padding_last_edited=&#8221;on|desktop&#8221; _builder_version=&#8221;4.16&#8243; background_color=&#8221;#ffffff&#8221; z_index=&#8221;0&#8243; width_tablet=&#8221;90%&#8221; width_phone=&#8221;90%&#8221; width_last_edited=&#8221;on|desktop&#8221; max_width=&#8221;1200px&#8221; overflow-x=&#8221;visible&#8221; overflow-y=&#8221;visible&#8221; custom_margin=&#8221;-100px|auto||auto|false|false&#8221; custom_padding=&#8221;50px|30px|50px|30px|true|true&#8221; custom_padding_tablet=&#8221;|30px||30px|true|true&#8221; custom_padding_phone=&#8221;|0px||0px|false|false&#8221; animation_style=&#8221;fade&#8221; animation_duration=&#8221;2000ms&#8221; box_shadow_style=&#8221;preset3&#8243; box_shadow_vertical=&#8221;40px&#8221; box_shadow_blur=&#8221;110px&#8221; box_shadow_spread=&#8221;0px&#8221; box_shadow_color=&#8221;rgba(131,146,167,0.5)&#8221; locked=&#8221;off&#8221; global_colors_info=&#8221;{}&#8221; width__hover_enabled=&#8221;off&#8221;][et_pb_column type=&#8221;1_2&#8243; _builder_version=&#8221;4.16&#8243; background_color=&#8221;rgba(0,0,0,0)&#8221; custom_padding=&#8221;|30px||30px|false|true&#8221; global_colors_info=&#8221;{}&#8221;][et_pb_text _builder_version=&#8221;4.16&#8243; custom_margin=&#8221;||50px||false|false&#8221; global_colors_info=&#8221;{}&#8221;]<\/p>\n<p>En se r\u00e9unissant au sein d\u2019une m\u00eame collectivit\u00e9, les villes de Cannes, Le Cannet, Mougins, Mandelieu-La Napoule et Th\u00e9oule-sur-Mer ont \u00e9galement rassembl\u00e9 leurs comp\u00e9tences ou mutualis\u00e9 des services. Un rapprochement qui vise notamment \u00e0 am\u00e9liorer l\u2019action et le d\u00e9veloppement du territoire, tout en faisant des \u00e9conomies.<\/p>\n<p>[\/et_pb_text][et_pb_image src=&#8221;https:\/\/cannespaysdelerins.fr\/wp-content\/uploads\/2019\/10\/ima-competences01.jpg&#8221; _builder_version=&#8221;4.16&#8243; global_colors_info=&#8221;{}&#8221;][\/et_pb_image][et_pb_divider show_divider=&#8221;off&#8221; _builder_version=&#8221;4.16&#8243; global_colors_info=&#8221;{}&#8221;][\/et_pb_divider][\/et_pb_column][et_pb_column type=&#8221;1_2&#8243; _builder_version=&#8221;4.16&#8243; background_color=&#8221;#ffffff&#8221; custom_padding=&#8221;|30px||30px|true|true&#8221; global_colors_info=&#8221;{}&#8221;][et_pb_accordion _builder_version=&#8221;4.16&#8243; border_width_all=&#8221;0px&#8221; global_colors_info=&#8221;{}&#8221;][et_pb_accordion_item title=&#8221;COMP\u00c9TENCES OBLIGATOIRES&#8221; open=&#8221;on&#8221; open_toggle_text_color=&#8221;#2f7eae&#8221; _builder_version=&#8221;4.16&#8243; global_colors_info=&#8221;{}&#8221; toggle_text_color=&#8221;#2f7eae&#8221; toggle_font=&#8221;|600|||||||&#8221; toggle_font_size=&#8221;14px&#8221; closed_toggle_font_size=&#8221;14px&#8221;]<\/p>\n<p style=\"text-align: left;\">\u25a0 D\u00e9veloppement \u00c9conomique :<\/p>\n<p style=\"padding-left: 40px; text-align: left;\"><em>\u2022 Animation et structuration du P\u00f4le d\u2019Excellence Nautique avec l\u2019accompagnement des entreprises de la fili\u00e8re<\/em><\/p>\n<p style=\"padding-left: 40px; text-align: left;\"><em>\u2022 Accompagnement \u00e0 l\u2019emploi avec les Maisons de l\u2019\u00c9conomie &amp; de l\u2019Emploi \u00e0 Mandelieu-La Napoule et Mougins<\/em><\/p>\n<p style=\"padding-left: 40px; text-align: left;\"><em>\u2022 Actions de d\u00e9veloppement \u00e9conomique<\/em><\/p>\n<p style=\"padding-left: 40px; text-align: left;\"><em>\u2022 Zones d\u2019activit\u00e9s avec Cannes-Roubine &amp; Ferrandou \u00e0 Mougins<\/em><\/p>\n<p style=\"text-align: left;\">\u25a0 Am\u00e9nagement de l\u2019espace communautaire :<\/p>\n<p style=\"padding-left: 40px; text-align: left;\"><em>\u2022 Sch\u00e9ma de Coh\u00e9rence Territoriale (SCoT) et sch\u00e9ma de secteur<\/em><\/p>\n<p style=\"text-align: left;\">\u25a0 Transports publics :<\/p>\n<p style=\"padding-left: 40px; text-align: left;\"><em>\u2022 Bus \u00e0 Haut Niveau de Service (BHNS)<\/em><\/p>\n<p style=\"padding-left: 40px; text-align: left;\"><em>\u2022 R\u00e9gie des transports publics PALM BUS<\/em><\/p>\n<p style=\"text-align: left;\">\u25a0 \u00c9quilibre social de l\u2019habitat :<\/p>\n<p style=\"padding-left: 40px; text-align: left;\"><em>\u2022 Programme Local de l\u2019Habitat (PLH) et r\u00e9serves fonci\u00e8res<\/em><\/p>\n<p style=\"padding-left: 40px; text-align: left;\"><em>\u2022 Actions et aides financi\u00e8res en faveur du logement social et \u00e0 destination des personnes d\u00e9favoris\u00e9es<\/em><\/p>\n<p style=\"padding-left: 40px; text-align: left;\"><em>\u2022 Actions d\u2019am\u00e9lioration du parc immobilier b\u00e2ti<\/em><\/p>\n<p style=\"text-align: left;\">\u25a0 Politique de la Ville :<\/p>\n<p style=\"padding-left: 40px; text-align: left;\"><em>\u2022 \u00c9laboration du diagnostic du territoire et d\u00e9finition des orientations du Contrat de Ville<\/em><\/p>\n<p style=\"padding-left: 40px; text-align: left;\"><em>\u2022 Dispositifs contractuels de d\u00e9veloppement urbain, de d\u00e9veloppement local et d\u2019insertion \u00e9conomique et sociale<\/em><\/p>\n<p style=\"text-align: left;\">\u25a0 Promotion du tourisme<\/p>\n<p style=\"text-align: left;\">\u25a0 Am\u00e9nagement, entretien et gestion des aires d\u2019accueil des gens du voyage<\/p>\n<p style=\"text-align: left;\">\u25a0 Collecte des d\u00e9chets des m\u00e9nages et d\u00e9chets assimil\u00e9s<\/p>\n<p style=\"text-align: left;\">\u25a0 Rattachement de l&#8217;Office Public de l&#8217;Habitat (O.P.H.) Cannes et Rive Droite du Var<\/p>\n<p>[\/et_pb_accordion_item][et_pb_accordion_item title=&#8221;COMP\u00c9TENCES OPTIONNELLES&#8221; open_toggle_text_color=&#8221;#2f7eae&#8221; _builder_version=&#8221;4.16&#8243; global_colors_info=&#8221;{}&#8221; toggle_text_color=&#8221;#2f7eae&#8221; toggle_font=&#8221;|600|||||||&#8221; toggle_font_size=&#8221;14px&#8221; closed_toggle_font_size=&#8221;14px&#8221; open=&#8221;off&#8221;]<\/p>\n<p style=\"text-align: left;\">\u25a0 Protection et mise en valeur de l\u2019environnement et du cadre de vie :<\/p>\n<p style=\"padding-left: 40px; text-align: left;\"><em>\u2022 Lutte contre la pollution de l\u2019air et le bruit<\/em><\/p>\n<p style=\"padding-left: 40px; text-align: left;\"><em>\u2022 Soutien aux actions de ma\u00eetrise de la demande d\u2019\u00e9nergie<\/em><\/p>\n<p style=\"padding-left: 40px; text-align: left;\"><em>\u2022 Traitement des d\u00e9chets<\/em><\/p>\n<p style=\"text-align: left;\">\u25a0 Voirie et parcs de stationnement en lien avec le BHNS (parking relais)<\/p>\n<p style=\"text-align: left;\">\u25a0 \u00c9quipements culturels et sportifs<\/p>\n<p style=\"text-align: left;\">\u25a0 Assainissement des eaux us\u00e9es et des eaux pluviales<\/p>\n<p style=\"text-align: left;\">\u25a0 Cr\u00e9ation, entretien et exploitation des infrastructures de charge n\u00e9cessaires \u00e0 l\u2019usage des v\u00e9hicules \u00e9lectriques ou hybrides rechargeables (IRVE)<\/p>\n<p>[\/et_pb_accordion_item][et_pb_accordion_item title=&#8221;COMP\u00c9TENCES FACULTATIVES&#8221; open_toggle_text_color=&#8221;#2f7eae&#8221; _builder_version=&#8221;4.16&#8243; global_colors_info=&#8221;{}&#8221; toggle_text_color=&#8221;#2f7eae&#8221; toggle_font=&#8221;|600|||||||&#8221; toggle_font_size=&#8221;14px&#8221; closed_toggle_font_size=&#8221;14px&#8221; open=&#8221;off&#8221;]<\/p>\n<p style=\"text-align: left;\">\u25a0 Gestion des Milieux Aquatiques et Pr\u00e9vention des Inondations (GEMAPI) et Cycles de l\u2019eau<\/p>\n<p style=\"text-align: left;\">\u25a0 Cr\u00e9ation, am\u00e9nagement, gestion et promotion du Parc Marin \u00e0 Th\u00e9oule-sur-Mer<\/p>\n<p style=\"text-align: left;\">\u25a0 Soutien \u00e0 l\u2019organisation des circuits nature p\u00e9destres et VTT<\/p>\n<p style=\"text-align: left;\">\u25a0 Organisation de nouvelles manifestations et d\u2019actions culturelles et sportives<\/p>\n<p style=\"text-align: left;\">\u25a0 Promotion des activit\u00e9s du Syndicat Mixte du centre \u00e9ducatif et culturel des Campeli\u00e8res \u00e0 Mougins<\/p>\n<p style=\"text-align: left;\">\u25a0 Collecte des encombrants et des d\u00e9p\u00f4ts sauvages<\/p>\n<p style=\"text-align: left;\">\u25a0 Contribution obligatoire au financement du Service D\u00e9partemental d\u2019Incendie et de Secours (SDIS)<\/p>\n<p>[\/et_pb_accordion_item][et_pb_accordion_item title=&#8221;MUTUALISATION DE SERVICES AVEC LES COMMUNES MEMBRES&#8221; open_toggle_text_color=&#8221;#2f7eae&#8221; _builder_version=&#8221;4.16&#8243; global_colors_info=&#8221;{}&#8221; toggle_text_color=&#8221;#2f7eae&#8221; toggle_font=&#8221;|600|||||||&#8221; toggle_font_size=&#8221;14px&#8221; closed_toggle_font_size=&#8221;14px&#8221; open=&#8221;off&#8221;]<\/p>\n<p style=\"text-align: left;\">\u25a0 Syst\u00e8mes d\u2019information et des t\u00e9l\u00e9communications, Syst\u00e8mes d\u2019Information G\u00e9ographique (SIG), Habitat\/Logement, Am\u00e9nagement du territoire et Routage<\/p>\n<p style=\"text-align: left;\">\u25a0 Communication et relations publiques avec la ville de Th\u00e9oule-sur-Mer et avec le SICASIL<\/p>\n<p style=\"text-align: left;\">\u25a0 Moyens G\u00e9n\u00e9raux, Finances, Travaux et Cycles de l&#8217;eau entre l\u2019Agglo et le SICASIL<\/p>\n<p>[\/et_pb_accordion_item][\/et_pb_accordion][et_pb_divider _builder_version=&#8221;4.16&#8243; _module_preset=&#8221;default&#8221; global_colors_info=&#8221;{}&#8221;][\/et_pb_divider][et_pb_video src=&#8221;https:\/\/www.youtube.com\/watch?v=V4YlD1dsYMs&#8221; _builder_version=&#8221;4.25.2&#8243; _module_preset=&#8221;default&#8221; hover_enabled=&#8221;0&#8243; global_colors_info=&#8221;{}&#8221; sticky_enabled=&#8221;0&#8243;][\/et_pb_video][\/et_pb_column][\/et_pb_row][\/et_pb_section]<\/p>\n","protected":false},"excerpt":{"rendered":"<p>En se r\u00e9unissant au sein d\u2019une m\u00eame collectivit\u00e9, les villes de Cannes, Le Cannet, Mougins, Mandelieu-La Napoule et Th\u00e9oule-sur-Mer ont \u00e9galement rassembl\u00e9 leurs comp\u00e9tences ou mutualis\u00e9 des services. Un rapprochement qui vise notamment \u00e0 am\u00e9liorer l\u2019action et le d\u00e9veloppement du territoire, tout en faisant des \u00e9conomies.<\/p>\n","protected":false},"author":8,"featured_media":4615,"parent":0,"menu_order":0,"comment_status":"closed","ping_status":"closed","template":"","meta":{"_et_pb_use_builder":"on","_et_pb_old_content":"","_et_gb_content_width":"","footnotes":""},"class_list":["post-1907","page","type-page","status-publish","has-post-thumbnail","hentry"],"_links":{"self":[{"href":"https:\/\/cannespaysdelerins.fr\/index.php\/wp-json\/wp\/v2\/pages\/1907","targetHints":{"allow":["GET"]}}],"collection":[{"href":"https:\/\/cannespaysdelerins.fr\/index.php\/wp-json\/wp\/v2\/pages"}],"about":[{"href":"https:\/\/cannespaysdelerins.fr\/index.php\/wp-json\/wp\/v2\/types\/page"}],"author":[{"embeddable":true,"href":"https:\/\/cannespaysdelerins.fr\/index.php\/wp-json\/wp\/v2\/users\/8"}],"replies":[{"embeddable":true,"href":"https:\/\/cannespaysdelerins.fr\/index.php\/wp-json\/wp\/v2\/comments?post=1907"}],"version-history":[{"count":63,"href":"https:\/\/cannespaysdelerins.fr\/index.php\/wp-json\/wp\/v2\/pages\/1907\/revisions"}],"predecessor-version":[{"id":18299,"href":"https:\/\/cannespaysdelerins.fr\/index.php\/wp-json\/wp\/v2\/pages\/1907\/revisions\/18299"}],"wp:featuredmedia":[{"embeddable":true,"href":"https:\/\/cannespaysdelerins.fr\/index.php\/wp-json\/wp\/v2\/media\/4615"}],"wp:attachment":[{"href":"https:\/\/cannespaysdelerins.fr\/index.php\/wp-json\/wp\/v2\/media?parent=1907"}],"curies":[{"name":"wp","href":"https:\/\/api.w.org\/{rel}","templated":true}]}}