{"id":12463,"date":"2021-09-21T15:45:01","date_gmt":"2021-09-21T15:45:01","guid":{"rendered":"https:\/\/cannespaysdelerins.fr\/?page_id=12463"},"modified":"2023-10-30T14:10:11","modified_gmt":"2023-10-30T14:10:11","slug":"formations-numeriques","status":"publish","type":"page","link":"https:\/\/cannespaysdelerins.fr\/index.php\/formations-numeriques\/","title":{"rendered":"Formations num\u00e9riques"},"content":{"rendered":"<p>[et_pb_section fb_built=&#8221;1&#8243; custom_padding_last_edited=&#8221;off|phone&#8221; disabled_on=&#8221;off|off|off&#8221; admin_label=&#8221;Header image&#8221; _builder_version=&#8221;4.16&#8243; background_image=&#8221;https:\/\/cannespaysdelerins.fr\/wp-content\/uploads\/2019\/12\/ima-habitat055.jpg&#8221; parallax=&#8221;on&#8221; z_index=&#8221;0&#8243; min_height=&#8221;700px&#8221; min_height_tablet=&#8221;&#8221; min_height_phone=&#8221;500px&#8221; min_height_last_edited=&#8221;on|desktop&#8221; custom_margin=&#8221;||||false|false&#8221; custom_margin_last_edited=&#8221;off|desktop&#8221; custom_padding=&#8221;||||false|false&#8221; custom_padding_phone=&#8221;||||true|false&#8221; animation_style=&#8221;fade&#8221; collapsed=&#8221;off&#8221; global_colors_info=&#8221;{}&#8221;][et_pb_row disabled_on=&#8221;off|off|off&#8221; admin_label=&#8221;Accroche DESKTOP&#8221; _builder_version=&#8221;4.16&#8243; background_color=&#8221;rgba(0,0,0,0)&#8221; custom_margin=&#8221;||||false|false&#8221; global_colors_info=&#8221;{}&#8221;][et_pb_column type=&#8221;4_4&#8243; _builder_version=&#8221;4.16&#8243; custom_padding=&#8221;||||false|false&#8221; custom_padding_last_edited=&#8221;off|desktop&#8221; global_colors_info=&#8221;{}&#8221;][et_pb_text _builder_version=&#8221;4.16&#8243; header_font=&#8221;Open Light||||||||&#8221; header_text_align=&#8221;center&#8221; header_text_color=&#8221;#ffffff&#8221; header_font_size=&#8221;40px&#8221; header_letter_spacing=&#8221;1.5px&#8221; header_line_height=&#8221;1.6em&#8221; background_color=&#8221;rgba(22,56,81,0.64)&#8221; max_width=&#8221;300px&#8221; max_width_tablet=&#8221;&#8221; max_width_phone=&#8221;280px&#8221; max_width_last_edited=&#8221;on|phone&#8221; module_alignment=&#8221;center&#8221; custom_margin=&#8221;50px||||false|false&#8221; custom_margin_tablet=&#8221;&#8221; custom_margin_phone=&#8221;0px||||false|false&#8221; custom_margin_last_edited=&#8221;on|desktop&#8221; custom_padding=&#8221;20px|20px|20px|20px|true|true&#8221; animation_style=&#8221;fade&#8221; animation_duration=&#8221;2000ms&#8221; header_font_size_tablet=&#8221;&#8221; header_font_size_phone=&#8221;25px&#8221; header_font_size_last_edited=&#8221;on|phone&#8221; header_line_height_tablet=&#8221;&#8221; header_line_height_phone=&#8221;1.5em&#8221; header_line_height_last_edited=&#8221;on|phone&#8221; border_radii=&#8221;on|6px|6px|6px|6px&#8221; global_colors_info=&#8221;{}&#8221;]<\/p>\n<h1 style=\"text-align: center;\">Formations num\u00e9riques<\/h1>\n<p>[\/et_pb_text][\/et_pb_column][\/et_pb_row][\/et_pb_section][et_pb_section fb_built=&#8221;1&#8243; admin_label=&#8221;Formations &#8221; _builder_version=&#8221;4.16&#8243; background_enable_color=&#8221;off&#8221; background_enable_image=&#8221;off&#8221; background_size=&#8221;initial&#8221; custom_margin=&#8221;||||false|false&#8221; custom_padding=&#8221;||||false|false&#8221; collapsed=&#8221;off&#8221; global_colors_info=&#8221;{}&#8221;][et_pb_row column_structure=&#8221;1_2,1_2&#8243; admin_label=&#8221;Simplon&#8221; _builder_version=&#8221;4.16&#8243; max_width=&#8221;900px&#8221; animation_style=&#8221;fade&#8221; collapsed=&#8221;off&#8221; global_colors_info=&#8221;{}&#8221;][et_pb_column type=&#8221;1_2&#8243; _builder_version=&#8221;4.16&#8243; global_colors_info=&#8221;{}&#8221;][et_pb_image src=&#8221;https:\/\/cannespaysdelerins.fr\/wp-content\/uploads\/2019\/10\/ima-nouvelle-frayere02.jpg&#8221; title_text=&#8221;ima-nouvelle-frayere02&#8243; _builder_version=&#8221;4.21.0&#8243; animation_style=&#8221;slide&#8221; animation_direction=&#8221;left&#8221; global_colors_info=&#8221;{}&#8221;][\/et_pb_image][\/et_pb_column][et_pb_column type=&#8221;1_2&#8243; _builder_version=&#8221;4.16&#8243; global_colors_info=&#8221;{}&#8221;][et_pb_text _builder_version=&#8221;4.21.0&#8243; header_2_font=&#8221;Open Light||||||||&#8221; header_2_font_size=&#8221;14px&#8221; header_2_line_height=&#8221;1.6em&#8221; global_colors_info=&#8221;{}&#8221;]<\/p>\n<p><strong>Le num\u00e9rique s\u2019invite \u00e0 la Fray\u00e8<\/strong><strong>re<\/strong><strong>\u00a0<\/strong><strong>!<\/strong><\/p>\n<p>L\u2019\u00e9cole SIMPLON, implant\u00e9e depuis janvier 2019 au sein du quartier Fray\u00e8re, propose des sessions de<strong> formations gratuites afin de trouver rapidement un emploi<\/strong> dans le secteur du num\u00e9rique. Elle s\u2019inscrit plus largement dans la d\u00e9marche engag\u00e9e par l\u2019Agglom\u00e9ration Cannes L\u00e9rins pour stimuler l\u2019innovation dans les domaines de l\u2019\u00e9conomie cr\u00e9ative et particuli\u00e8rement du num\u00e9rique.\u200b<\/p>\n<p><strong>Contact :\u00a0<\/strong><a href=\"mailto:Contact-paca@simplon.co\">contact-paca@simplon.co<\/a> \/ 07.56.88.23.87.<\/p>\n<p>SIMPLON partage temporairement ses locaux avec une autre \u00e9cole num\u00e9rique, \u00ab La Plateforme\u00a0\u00bb, le campus m\u00e9diterran\u00e9en du num\u00e9rique. Il s\u2019agit d\u2019une <strong>\u00e9cole d\u2019informatique d\u2019excellence<\/strong> des m\u00e9tiers du num\u00e9rique, <strong>ouverte \u00e0 tous les talents<\/strong>, sans conditions de ressources ou de dipl\u00f4mes.<\/p>\n<p>[\/et_pb_text][\/et_pb_column][\/et_pb_row][\/et_pb_section]<\/p>\n","protected":false},"excerpt":{"rendered":"<p>Formations num\u00e9riquesLe num\u00e9rique s\u2019invite \u00e0 la Fray\u00e8re\u00a0! L\u2019\u00e9cole SIMPLON, implant\u00e9e depuis janvier 2019 au sein du quartier Fray\u00e8re, propose des sessions de formations gratuites afin de trouver rapidement un emploi dans le secteur du num\u00e9rique. Elle s\u2019inscrit plus largement dans la d\u00e9marche engag\u00e9e par l\u2019Agglom\u00e9ration Cannes L\u00e9rins pour stimuler l\u2019innovation dans les domaines de l\u2019\u00e9conomie [&hellip;]<\/p>\n","protected":false},"author":3,"featured_media":0,"parent":0,"menu_order":0,"comment_status":"closed","ping_status":"closed","template":"","meta":{"_et_pb_use_builder":"on","_et_pb_old_content":"","_et_gb_content_width":"","footnotes":""},"class_list":["post-12463","page","type-page","status-publish","hentry"],"_links":{"self":[{"href":"https:\/\/cannespaysdelerins.fr\/index.php\/wp-json\/wp\/v2\/pages\/12463","targetHints":{"allow":["GET"]}}],"collection":[{"href":"https:\/\/cannespaysdelerins.fr\/index.php\/wp-json\/wp\/v2\/pages"}],"about":[{"href":"https:\/\/cannespaysdelerins.fr\/index.php\/wp-json\/wp\/v2\/types\/page"}],"author":[{"embeddable":true,"href":"https:\/\/cannespaysdelerins.fr\/index.php\/wp-json\/wp\/v2\/users\/3"}],"replies":[{"embeddable":true,"href":"https:\/\/cannespaysdelerins.fr\/index.php\/wp-json\/wp\/v2\/comments?post=12463"}],"version-history":[{"count":6,"href":"https:\/\/cannespaysdelerins.fr\/index.php\/wp-json\/wp\/v2\/pages\/12463\/revisions"}],"predecessor-version":[{"id":16072,"href":"https:\/\/cannespaysdelerins.fr\/index.php\/wp-json\/wp\/v2\/pages\/12463\/revisions\/16072"}],"wp:attachment":[{"href":"https:\/\/cannespaysdelerins.fr\/index.php\/wp-json\/wp\/v2\/media?parent=12463"}],"curies":[{"name":"wp","href":"https:\/\/api.w.org\/{rel}","templated":true}]}}