{"id":12396,"date":"2021-09-17T13:28:26","date_gmt":"2021-09-17T13:28:26","guid":{"rendered":"https:\/\/cannespaysdelerins.fr\/?page_id=12396"},"modified":"2023-12-04T15:18:17","modified_gmt":"2023-12-04T15:18:17","slug":"elargir-ses-competences-et-son-reseau","status":"publish","type":"page","link":"https:\/\/cannespaysdelerins.fr\/index.php\/elargir-ses-competences-et-son-reseau\/","title":{"rendered":"\u00c9largir ses comp\u00e9tences et son r\u00e9seau"},"content":{"rendered":"<p>[et_pb_section fb_built=&#8221;1&#8243; custom_padding_last_edited=&#8221;off|phone&#8221; disabled_on=&#8221;off|off|off&#8221; admin_label=&#8221;Header image&#8221; _builder_version=&#8221;4.16&#8243; background_image=&#8221;https:\/\/cannespaysdelerins.fr\/wp-content\/uploads\/2019\/10\/vis-pepinieres.jpg&#8221; parallax=&#8221;on&#8221; z_index=&#8221;0&#8243; min_height=&#8221;700px&#8221; min_height_tablet=&#8221;&#8221; min_height_phone=&#8221;500px&#8221; min_height_last_edited=&#8221;on|desktop&#8221; custom_margin=&#8221;||||false|false&#8221; custom_margin_last_edited=&#8221;off|desktop&#8221; custom_padding=&#8221;||||false|false&#8221; custom_padding_phone=&#8221;||||true|false&#8221; animation_style=&#8221;fade&#8221; collapsed=&#8221;off&#8221; global_colors_info=&#8221;{}&#8221;][et_pb_row disabled_on=&#8221;off|off|off&#8221; admin_label=&#8221;Accroche DESKTOP&#8221; _builder_version=&#8221;4.16&#8243; background_color=&#8221;rgba(0,0,0,0)&#8221; custom_margin=&#8221;||||false|false&#8221; global_colors_info=&#8221;{}&#8221;][et_pb_column type=&#8221;4_4&#8243; _builder_version=&#8221;4.16&#8243; global_colors_info=&#8221;{}&#8221;][et_pb_text _builder_version=&#8221;4.16&#8243; header_font=&#8221;Open Light||||||||&#8221; header_text_align=&#8221;center&#8221; header_text_color=&#8221;#ffffff&#8221; header_font_size=&#8221;40px&#8221; header_letter_spacing=&#8221;1.5px&#8221; header_line_height=&#8221;1.6em&#8221; background_color=&#8221;rgba(22,56,81,0.64)&#8221; max_width=&#8221;550px&#8221; max_width_tablet=&#8221;&#8221; max_width_phone=&#8221;250px&#8221; max_width_last_edited=&#8221;on|phone&#8221; module_alignment=&#8221;center&#8221; custom_margin=&#8221;50px||||false|false&#8221; custom_margin_tablet=&#8221;&#8221; custom_margin_phone=&#8221;0px||||false|false&#8221; custom_margin_last_edited=&#8221;on|phone&#8221; custom_padding=&#8221;30px|30px|30px|30px|true|true&#8221; animation_style=&#8221;fade&#8221; animation_duration=&#8221;2000ms&#8221; header_font_size_tablet=&#8221;&#8221; header_font_size_phone=&#8221;25px&#8221; header_font_size_last_edited=&#8221;on|phone&#8221; header_line_height_tablet=&#8221;&#8221; header_line_height_phone=&#8221;1.6em&#8221; header_line_height_last_edited=&#8221;on|phone&#8221; border_radii=&#8221;on|6px|6px|6px|6px&#8221; global_colors_info=&#8221;{}&#8221;]<\/p>\n<h1 style=\"text-align: center;\">\u00c9largir ses comp\u00e9tences et son r\u00e9seau<\/h1>\n<p>[\/et_pb_text][\/et_pb_column][\/et_pb_row][\/et_pb_section][et_pb_section fb_built=&#8221;1&#8243; _builder_version=&#8221;4.16&#8243; background_image=&#8221;https:\/\/cannespaysdelerins.fr\/wp-content\/uploads\/2019\/10\/frise-communes1200.png&#8221; background_size=&#8221;initial&#8221; background_position=&#8221;top_center&#8221; custom_margin=&#8221;||||false|false&#8221; custom_padding=&#8221;||||false|false&#8221; global_colors_info=&#8221;{}&#8221;][et_pb_row column_structure=&#8221;1_2,1_2&#8243; use_custom_gutter=&#8221;on&#8221; admin_label=&#8221;Rencontrer nos partenaires&#8221; _builder_version=&#8221;4.16&#8243; max_width=&#8221;900px&#8221; animation_style=&#8221;fade&#8221; global_colors_info=&#8221;{}&#8221;][et_pb_column type=&#8221;1_2&#8243; _builder_version=&#8221;4.16&#8243; global_colors_info=&#8221;{}&#8221;][et_pb_text _builder_version=&#8221;4.16&#8243; header_font=&#8221;Open regular||||||||&#8221; header_text_align=&#8221;left&#8221; header_text_color=&#8221;#666666&#8243; header_font_size=&#8221;25px&#8221; header_line_height=&#8221;1.4em&#8221; background_enable_color=&#8221;off&#8221; custom_margin=&#8221;||||false|false&#8221; custom_padding=&#8221;||||false|false&#8221; global_colors_info=&#8221;{}&#8221;]<\/p>\n<h1 style=\"text-align: left;\">Rencontrer nos partenaires<\/h1>\n<p>[\/et_pb_text][et_pb_text _builder_version=&#8221;4.16&#8243; custom_margin=&#8221;||50px||false|false&#8221; global_colors_info=&#8221;{}&#8221;]<\/p>\n<p>En se regroupant, les acteurs d&#8217;un m\u00eame secteur peuvent plus facilement se rencontrer et \u00e9changer. Pour favoriser cette dynamique, une animation dense &#8211; qui favorise la fertilisation crois\u00e9e des publics &#8211; est propos\u00e9e de mani\u00e8re r\u00e9guli\u00e8re. Ainsi, les entrepreneurs sont invit\u00e9s \u00e0 participer \u00e0 des ateliers, <em>business meetings, pitchs<\/em> et <em>networking<\/em>, au cours desquels ils pourront rencontrer d&#8217;autres porteurs de projets et contribuer ainsi \u00e0 l&#8217;extension de leur r\u00e9seau.<\/p>\n<p>La tenue de plus de 50 salons professionnels par an, sur le bassin cannois, repr\u00e9sente une opportunit\u00e9 exceptionnelle pour l&#8217;ensemble des h\u00e9berg\u00e9s qui disposent ainsi d&#8217;un acc\u00e8s privil\u00e9gi\u00e9 \u00e0 ces salons de renomm\u00e9e nationale\/internationale. De plus, sur le site-m\u00eame de Bastide Rouge, de nombreux animations et une programmation culturelle riche (en lien avec Universit\u00e9 C\u00f4te d&#8217;Azur dans le cadre du label 100% EAC) accueillant r\u00e9sidences d&#8217;artistes, expositions et ateliers, sont accessibles \u00e0 tous.<\/p>\n<p>[\/et_pb_text][\/et_pb_column][et_pb_column type=&#8221;1_2&#8243; _builder_version=&#8221;4.16&#8243; global_colors_info=&#8221;{}&#8221;][et_pb_image src=&#8221;https:\/\/cannespaysdelerins.fr\/wp-content\/uploads\/2021\/09\/DSC7354_InPixio.jpg&#8221; title_text=&#8221;_DSC7354_InPixio&#8221; _builder_version=&#8221;4.16&#8243; _module_preset=&#8221;default&#8221; global_colors_info=&#8221;{}&#8221;][\/et_pb_image][et_pb_text _builder_version=&#8221;4.16&#8243; custom_margin=&#8221;||50px||false|false&#8221; global_colors_info=&#8221;{}&#8221;]<\/p>\n<p>Cette animation du tissu \u00e9conomique local contribue ainsi \u00e0 une dynamique de rencontres et d&#8217;\u00e9changes cr\u00e9atifs.<\/p>\n<p>[\/et_pb_text][et_pb_button button_url=&#8221;https:\/\/cannespaysdelerins.fr\/wp-content\/uploads\/2019\/11\/A5_Brochure_Partenaires_Eco_web.pdf&#8221; url_new_window=&#8221;on&#8221; button_text=&#8221;T\u00e9l\u00e9charger le guide des Partenaires&#8221; button_alignment=&#8221;center&#8221; _builder_version=&#8221;4.16&#8243; custom_button=&#8221;on&#8221; button_text_size=&#8221;14px&#8221; button_text_color=&#8221;#ffffff&#8221; button_bg_color=&#8221;#2f7eaf&#8221; button_border_width=&#8221;0px&#8221; custom_margin=&#8221;||||false|false&#8221; custom_padding=&#8221;||||false|false&#8221; animation_style=&#8221;zoom&#8221; locked=&#8221;off&#8221; global_colors_info=&#8221;{}&#8221;][\/et_pb_button][\/et_pb_column][\/et_pb_row][et_pb_row use_custom_gutter=&#8221;on&#8221; admin_label=&#8221;CAP AZUR 1&#8243; _builder_version=&#8221;4.16&#8243; max_width=&#8221;900px&#8221; animation_style=&#8221;fade&#8221; global_colors_info=&#8221;{}&#8221;][et_pb_column type=&#8221;4_4&#8243; _builder_version=&#8221;4.16&#8243; global_colors_info=&#8221;{}&#8221;][et_pb_text _builder_version=&#8221;4.16&#8243; header_font=&#8221;Open regular||||||||&#8221; header_text_align=&#8221;left&#8221; header_text_color=&#8221;#666666&#8243; header_font_size=&#8221;25px&#8221; header_line_height=&#8221;1.4em&#8221; background_enable_color=&#8221;off&#8221; custom_margin=&#8221;||||false|false&#8221; custom_padding=&#8221;||||false|false&#8221; global_colors_info=&#8221;{}&#8221;]<\/p>\n<h1 style=\"text-align: left;\">Mise en r\u00e9seau des p\u00e9pini\u00e8res d&#8217;entreprises CAP AZUR<\/h1>\n<p>[\/et_pb_text][et_pb_video src=&#8221;https:\/\/cannespaysdelerins.fr\/videos\/pepinieres-cap-azur.mp4&#8243; src_webm=&#8221;https:\/\/cannespaysdelerins.fr\/videos\/pepinieres-cap-azur.mp4&#8243; image_src=&#8221;https:\/\/cannespaysdelerins.fr\/wp-content\/uploads\/2019\/10\/couv-video-pepinieres.jpg&#8221; thumbnail_overlay_color=&#8221;rgba(0,0,0,0.6)&#8221; _builder_version=&#8221;4.16&#8243; border_radii=&#8221;on|10px|10px|10px|10px&#8221; global_colors_info=&#8221;{}&#8221;][\/et_pb_video][\/et_pb_column][\/et_pb_row][et_pb_row column_structure=&#8221;1_2,1_2&#8243; admin_label=&#8221;CAP AZUR 2&#8243; _builder_version=&#8221;4.16&#8243; max_width=&#8221;900px&#8221; global_colors_info=&#8221;{}&#8221;][et_pb_column type=&#8221;1_2&#8243; _builder_version=&#8221;4.16&#8243; global_colors_info=&#8221;{}&#8221;][et_pb_text _builder_version=&#8221;4.16&#8243; global_colors_info=&#8221;{}&#8221;]<\/p>\n<p><a href=\"https:\/\/cannespaysdelerins.fr\/wp-content\/uploads\/2019\/10\/ima-pepinieres-graph.png\"><img loading=\"lazy\" decoding=\"async\" class=\"alignnone wp-image-4418 size-full\" src=\"https:\/\/cannespaysdelerins.fr\/wp-content\/uploads\/2019\/10\/ima-pepinieres-graph.png\" alt=\"\" width=\"1000\" height=\"1050\" srcset=\"https:\/\/cannespaysdelerins.fr\/wp-content\/uploads\/2019\/10\/ima-pepinieres-graph.png 1000w, https:\/\/cannespaysdelerins.fr\/wp-content\/uploads\/2019\/10\/ima-pepinieres-graph-980x1029.png 980w, https:\/\/cannespaysdelerins.fr\/wp-content\/uploads\/2019\/10\/ima-pepinieres-graph-480x504.png 480w\" sizes=\"auto, (min-width: 0px) and (max-width: 480px) 480px, (min-width: 481px) and (max-width: 980px) 980px, (min-width: 981px) 1000px, 100vw\" \/><\/a><\/p>\n<p>[\/et_pb_text][et_pb_button button_url=&#8221;https:\/\/cannespaysdelerins.fr\/docs\/pepinieres-entreprises-cap-azur.pdf&#8221; url_new_window=&#8221;on&#8221; button_text=&#8221;T\u00e9l\u00e9charger la brochure des p\u00e9pini\u00e8res d\u2019entreprises CAP AZUR&#8221; button_alignment=&#8221;center&#8221; _builder_version=&#8221;4.16&#8243; custom_button=&#8221;on&#8221; button_text_size=&#8221;14px&#8221; button_text_color=&#8221;#ffffff&#8221; button_bg_color=&#8221;#2f7eaf&#8221; button_border_width=&#8221;0px&#8221; custom_margin=&#8221;100px||||false|false&#8221; custom_padding=&#8221;||||false|false&#8221; animation_style=&#8221;zoom&#8221; global_colors_info=&#8221;{}&#8221;][\/et_pb_button][\/et_pb_column][et_pb_column type=&#8221;1_2&#8243; _builder_version=&#8221;4.16&#8243; global_colors_info=&#8221;{}&#8221;][et_pb_text _builder_version=&#8221;4.16&#8243; global_colors_info=&#8221;{}&#8221;]<\/p>\n<p><a href=\"https:\/\/cannespaysdelerins.fr\/wp-content\/uploads\/2019\/10\/ima-pepinieres02.jpg\"><img loading=\"lazy\" decoding=\"async\" class=\"alignnone wp-image-4407 size-full\" src=\"https:\/\/cannespaysdelerins.fr\/wp-content\/uploads\/2019\/10\/ima-pepinieres02.jpg\" alt=\"\" width=\"1000\" height=\"1347\" srcset=\"https:\/\/cannespaysdelerins.fr\/wp-content\/uploads\/2019\/10\/ima-pepinieres02.jpg 1000w, https:\/\/cannespaysdelerins.fr\/wp-content\/uploads\/2019\/10\/ima-pepinieres02-980x1320.jpg 980w, https:\/\/cannespaysdelerins.fr\/wp-content\/uploads\/2019\/10\/ima-pepinieres02-480x647.jpg 480w\" sizes=\"auto, (min-width: 0px) and (max-width: 480px) 480px, (min-width: 481px) and (max-width: 980px) 980px, (min-width: 981px) 1000px, 100vw\" \/><\/a><\/p>\n<p>&nbsp;<\/p>\n<p>[\/et_pb_text][\/et_pb_column][\/et_pb_row][\/et_pb_section]<\/p>\n","protected":false},"excerpt":{"rendered":"<p>\u00c9largir ses comp\u00e9tences et son r\u00e9seauRencontrer nos partenairesEn se regroupant, les acteurs d&#8217;un m\u00eame secteur peuvent plus facilement se rencontrer et \u00e9changer. Pour favoriser cette dynamique, une animation dense &#8211; qui favorise la fertilisation crois\u00e9e des publics &#8211; est propos\u00e9e de mani\u00e8re r\u00e9guli\u00e8re. Ainsi, les entrepreneurs sont invit\u00e9s \u00e0 participer \u00e0 des ateliers, business meetings, [&hellip;]<\/p>\n","protected":false},"author":3,"featured_media":0,"parent":0,"menu_order":0,"comment_status":"closed","ping_status":"closed","template":"","meta":{"_et_pb_use_builder":"on","_et_pb_old_content":"","_et_gb_content_width":"","footnotes":""},"class_list":["post-12396","page","type-page","status-publish","hentry"],"_links":{"self":[{"href":"https:\/\/cannespaysdelerins.fr\/index.php\/wp-json\/wp\/v2\/pages\/12396","targetHints":{"allow":["GET"]}}],"collection":[{"href":"https:\/\/cannespaysdelerins.fr\/index.php\/wp-json\/wp\/v2\/pages"}],"about":[{"href":"https:\/\/cannespaysdelerins.fr\/index.php\/wp-json\/wp\/v2\/types\/page"}],"author":[{"embeddable":true,"href":"https:\/\/cannespaysdelerins.fr\/index.php\/wp-json\/wp\/v2\/users\/3"}],"replies":[{"embeddable":true,"href":"https:\/\/cannespaysdelerins.fr\/index.php\/wp-json\/wp\/v2\/comments?post=12396"}],"version-history":[{"count":14,"href":"https:\/\/cannespaysdelerins.fr\/index.php\/wp-json\/wp\/v2\/pages\/12396\/revisions"}],"predecessor-version":[{"id":16282,"href":"https:\/\/cannespaysdelerins.fr\/index.php\/wp-json\/wp\/v2\/pages\/12396\/revisions\/16282"}],"wp:attachment":[{"href":"https:\/\/cannespaysdelerins.fr\/index.php\/wp-json\/wp\/v2\/media?parent=12396"}],"curies":[{"name":"wp","href":"https:\/\/api.w.org\/{rel}","templated":true}]}}

Élargir ses compétences et son réseau

<p>[et_pb_section fb_built=&#8221;1&#8243; custom_padding_last_edited=&#8221;off|phone&#8221; disabled_on=&#8221;off|off|off&#8221; admin_label=&#8221;Header image&#8221; _builder_version=&#8221;4.16&#8243; background_image=&#8221;https://cannespaysdelerins.fr/wp-content/uploads/2019/10/vis-pepinieres.jpg&#8221; parallax=&#8221;on&#8221; z_index=&#8221;0&#8243; min_height=&#8221;700px&#8221; min_height_tablet=&#8221;&#8221; min_height_phone=&#8221;500px&#8221; min_height_last_edited=&#8221;on|desktop&#8221; custom_margin=&#8221;||||false|false&#8221; custom_margin_last_edited=&#8221;off|desktop&#8221; custom_padding=&#8221;||||false|false&#8221; custom_padding_phone=&#8221;||||true|false&#8221; animation_style=&#8221;fade&#8221; collapsed=&#8221;off&#8221; global_colors_info=&#8221;{}&#8221;][et_pb_row disabled_on=&#8221;off|off|off&#8221; admin_label=&#8221;Accroche DESKTOP&#8221; _builder_version=&#8221;4.16&#8243; background_color=&#8221;rgba(0,0,0,0)&#8221; custom_margin=&#8221;||||false|false&#8221; global_colors_info=&#8221;{}&#8221;][et_pb_column type=&#8221;4_4&#8243; _builder_version=&#8221;4.16&#8243; global_colors_info=&#8221;{}&#8221;][et_pb_text _builder_version=&#8221;4.16&#8243; header_font=&#8221;Open Light||||||||&#8221; header_text_align=&#8221;center&#8221; header_text_color=&#8221;#ffffff&#8221; header_font_size=&#8221;40px&#8221; header_letter_spacing=&#8221;1.5px&#8221; header_line_height=&#8221;1.6em&#8221; background_color=&#8221;rgba(22,56,81,0.64)&#8221; max_width=&#8221;550px&#8221; max_width_tablet=&#8221;&#8221; max_width_phone=&#8221;250px&#8221; max_width_last_edited=&#8221;on|phone&#8221; module_alignment=&#8221;center&#8221; custom_margin=&#8221;50px||||false|false&#8221; custom_margin_tablet=&#8221;&#8221; custom_margin_phone=&#8221;0px||||false|false&#8221; custom_margin_last_edited=&#8221;on|phone&#8221; custom_padding=&#8221;30px|30px|30px|30px|true|true&#8221; animation_style=&#8221;fade&#8221; animation_duration=&#8221;2000ms&#8221; header_font_size_tablet=&#8221;&#8221; header_font_size_phone=&#8221;25px&#8221; header_font_size_last_edited=&#8221;on|phone&#8221; header_line_height_tablet=&#8221;&#8221; header_line_height_phone=&#8221;1.6em&#8221; header_line_height_last_edited=&#8221;on|phone&#8221; border_radii=&#8221;on|6px|6px|6px|6px&#8221; global_colors_info=&#8221;{}&#8221;]</p>
<h1 style="text-align: center;">Élargir ses compétences et son réseau</h1>
<p>[/et_pb_text][/et_pb_column][/et_pb_row][/et_pb_section][et_pb_section fb_built=&#8221;1&#8243; _builder_version=&#8221;4.16&#8243; background_image=&#8221;https://cannespaysdelerins.fr/wp-content/uploads/2019/10/frise-communes1200.png&#8221; background_size=&#8221;initial&#8221; background_position=&#8221;top_center&#8221; custom_margin=&#8221;||||false|false&#8221; custom_padding=&#8221;||||false|false&#8221; global_colors_info=&#8221;{}&#8221;][et_pb_row column_structure=&#8221;1_2,1_2&#8243; use_custom_gutter=&#8221;on&#8221; admin_label=&#8221;Rencontrer nos partenaires&#8221; _builder_version=&#8221;4.16&#8243; max_width=&#8221;900px&#8221; animation_style=&#8221;fade&#8221; global_colors_info=&#8221;{}&#8221;][et_pb_column type=&#8221;1_2&#8243; _builder_version=&#8221;4.16&#8243; global_colors_info=&#8221;{}&#8221;][et_pb_text _builder_version=&#8221;4.16&#8243; header_font=&#8221;Open regular||||||||&#8221; header_text_align=&#8221;left&#8221; header_text_color=&#8221;#666666&#8243; header_font_size=&#8221;25px&#8221; header_line_height=&#8221;1.4em&#8221; background_enable_color=&#8221;off&#8221; custom_margin=&#8221;||||false|false&#8221; custom_padding=&#8221;||||false|false&#8221; global_colors_info=&#8221;{}&#8221;]</p>
<h1 style="text-align: left;">Rencontrer nos partenaires</h1>
<p>[/et_pb_text][et_pb_text _builder_version=&#8221;4.16&#8243; custom_margin=&#8221;||50px||false|false&#8221; global_colors_info=&#8221;{}&#8221;]</p>
<p>En se regroupant, les acteurs d&#8217;un même secteur peuvent plus facilement se rencontrer et échanger. Pour favoriser cette dynamique, une animation dense &#8211; qui favorise la fertilisation croisée des publics &#8211; est proposée de manière régulière. Ainsi, les entrepreneurs sont invités à participer à des ateliers, <em>business meetings, pitchs</em> et <em>networking</em>, au cours desquels ils pourront rencontrer d&#8217;autres porteurs de projets et contribuer ainsi à l&#8217;extension de leur réseau.</p>
<p>La tenue de plus de 50 salons professionnels par an, sur le bassin cannois, représente une opportunité exceptionnelle pour l&#8217;ensemble des hébergés qui disposent ainsi d&#8217;un accès privilégié à ces salons de renommée nationale/internationale. De plus, sur le site-même de Bastide Rouge, de nombreux animations et une programmation culturelle riche (en lien avec Université Côte d&#8217;Azur dans le cadre du label 100% EAC) accueillant résidences d&#8217;artistes, expositions et ateliers, sont accessibles à tous.</p>
<p>[/et_pb_text][/et_pb_column][et_pb_column type=&#8221;1_2&#8243; _builder_version=&#8221;4.16&#8243; global_colors_info=&#8221;{}&#8221;][et_pb_image src=&#8221;https://cannespaysdelerins.fr/wp-content/uploads/2021/09/DSC7354_InPixio.jpg&#8221; title_text=&#8221;_DSC7354_InPixio&#8221; _builder_version=&#8221;4.16&#8243; _module_preset=&#8221;default&#8221; global_colors_info=&#8221;{}&#8221;][/et_pb_image][et_pb_text _builder_version=&#8221;4.16&#8243; custom_margin=&#8221;||50px||false|false&#8221; global_colors_info=&#8221;{}&#8221;]</p>
<p>Cette animation du tissu économique local contribue ainsi à une dynamique de rencontres et d&#8217;échanges créatifs.</p>
<p>[/et_pb_text][et_pb_button button_url=&#8221;https://cannespaysdelerins.fr/wp-content/uploads/2019/11/A5_Brochure_Partenaires_Eco_web.pdf&#8221; url_new_window=&#8221;on&#8221; button_text=&#8221;Télécharger le guide des Partenaires&#8221; button_alignment=&#8221;center&#8221; _builder_version=&#8221;4.16&#8243; custom_button=&#8221;on&#8221; button_text_size=&#8221;14px&#8221; button_text_color=&#8221;#ffffff&#8221; button_bg_color=&#8221;#2f7eaf&#8221; button_border_width=&#8221;0px&#8221; custom_margin=&#8221;||||false|false&#8221; custom_padding=&#8221;||||false|false&#8221; animation_style=&#8221;zoom&#8221; locked=&#8221;off&#8221; global_colors_info=&#8221;{}&#8221;][/et_pb_button][/et_pb_column][/et_pb_row][et_pb_row use_custom_gutter=&#8221;on&#8221; admin_label=&#8221;CAP AZUR 1&#8243; _builder_version=&#8221;4.16&#8243; max_width=&#8221;900px&#8221; animation_style=&#8221;fade&#8221; global_colors_info=&#8221;{}&#8221;][et_pb_column type=&#8221;4_4&#8243; _builder_version=&#8221;4.16&#8243; global_colors_info=&#8221;{}&#8221;][et_pb_text _builder_version=&#8221;4.16&#8243; header_font=&#8221;Open regular||||||||&#8221; header_text_align=&#8221;left&#8221; header_text_color=&#8221;#666666&#8243; header_font_size=&#8221;25px&#8221; header_line_height=&#8221;1.4em&#8221; background_enable_color=&#8221;off&#8221; custom_margin=&#8221;||||false|false&#8221; custom_padding=&#8221;||||false|false&#8221; global_colors_info=&#8221;{}&#8221;]</p>
<h1 style="text-align: left;">Mise en réseau des pépinières d&#8217;entreprises CAP AZUR</h1>
<p>[/et_pb_text][et_pb_video src=&#8221;https://cannespaysdelerins.fr/videos/pepinieres-cap-azur.mp4&#8243; src_webm=&#8221;https://cannespaysdelerins.fr/videos/pepinieres-cap-azur.mp4&#8243; image_src=&#8221;https://cannespaysdelerins.fr/wp-content/uploads/2019/10/couv-video-pepinieres.jpg&#8221; thumbnail_overlay_color=&#8221;rgba(0,0,0,0.6)&#8221; _builder_version=&#8221;4.16&#8243; border_radii=&#8221;on|10px|10px|10px|10px&#8221; global_colors_info=&#8221;{}&#8221;][/et_pb_video][/et_pb_column][/et_pb_row][et_pb_row column_structure=&#8221;1_2,1_2&#8243; admin_label=&#8221;CAP AZUR 2&#8243; _builder_version=&#8221;4.16&#8243; max_width=&#8221;900px&#8221; global_colors_info=&#8221;{}&#8221;][et_pb_column type=&#8221;1_2&#8243; _builder_version=&#8221;4.16&#8243; global_colors_info=&#8221;{}&#8221;][et_pb_text _builder_version=&#8221;4.16&#8243; global_colors_info=&#8221;{}&#8221;]</p>
<p><a href="https://cannespaysdelerins.fr/wp-content/uploads/2019/10/ima-pepinieres-graph.png"><img loading="lazy" decoding="async" class="alignnone wp-image-4418 size-full" src="https://cannespaysdelerins.fr/wp-content/uploads/2019/10/ima-pepinieres-graph.png" alt="" width="1000" height="1050" srcset="https://cannespaysdelerins.fr/wp-content/uploads/2019/10/ima-pepinieres-graph.png 1000w, https://cannespaysdelerins.fr/wp-content/uploads/2019/10/ima-pepinieres-graph-980x1029.png 980w, https://cannespaysdelerins.fr/wp-content/uploads/2019/10/ima-pepinieres-graph-480x504.png 480w" sizes="auto, (min-width: 0px) and (max-width: 480px) 480px, (min-width: 481px) and (max-width: 980px) 980px, (min-width: 981px) 1000px, 100vw" /></a></p>
<p>[/et_pb_text][et_pb_button button_url=&#8221;https://cannespaysdelerins.fr/docs/pepinieres-entreprises-cap-azur.pdf&#8221; url_new_window=&#8221;on&#8221; button_text=&#8221;Télécharger la brochure des pépinières d’entreprises CAP AZUR&#8221; button_alignment=&#8221;center&#8221; _builder_version=&#8221;4.16&#8243; custom_button=&#8221;on&#8221; button_text_size=&#8221;14px&#8221; button_text_color=&#8221;#ffffff&#8221; button_bg_color=&#8221;#2f7eaf&#8221; button_border_width=&#8221;0px&#8221; custom_margin=&#8221;100px||||false|false&#8221; custom_padding=&#8221;||||false|false&#8221; animation_style=&#8221;zoom&#8221; global_colors_info=&#8221;{}&#8221;][/et_pb_button][/et_pb_column][et_pb_column type=&#8221;1_2&#8243; _builder_version=&#8221;4.16&#8243; global_colors_info=&#8221;{}&#8221;][et_pb_text _builder_version=&#8221;4.16&#8243; global_colors_info=&#8221;{}&#8221;]</p>
<p><a href="https://cannespaysdelerins.fr/wp-content/uploads/2019/10/ima-pepinieres02.jpg"><img loading="lazy" decoding="async" class="alignnone wp-image-4407 size-full" src="https://cannespaysdelerins.fr/wp-content/uploads/2019/10/ima-pepinieres02.jpg" alt="" width="1000" height="1347" srcset="https://cannespaysdelerins.fr/wp-content/uploads/2019/10/ima-pepinieres02.jpg 1000w, https://cannespaysdelerins.fr/wp-content/uploads/2019/10/ima-pepinieres02-980x1320.jpg 980w, https://cannespaysdelerins.fr/wp-content/uploads/2019/10/ima-pepinieres02-480x647.jpg 480w" sizes="auto, (min-width: 0px) and (max-width: 480px) 480px, (min-width: 481px) and (max-width: 980px) 980px, (min-width: 981px) 1000px, 100vw" /></a></p>
<p>&nbsp;</p>
<p>[/et_pb_text][/et_pb_column][/et_pb_row][/et_pb_section]</p>

<p>Élargir ses compétences et son réseauRencontrer nos partenairesEn se regroupant, les acteurs d&#8217;un même secteur peuvent plus facilement se rencontrer et échanger. Pour favoriser cette dynamique, une animation dense &#8211; qui favorise la fertilisation croisée des publics &#8211; est proposée de manière régulière. Ainsi, les entrepreneurs sont invités à participer à des ateliers, business meetings, [&hellip;]</p>
